{"id":6981,"date":"2021-08-19T22:04:13","date_gmt":"2021-08-19T20:04:13","guid":{"rendered":"https:\/\/digitalhistory.unite.it\/milano\/"},"modified":"2021-11-23T15:26:30","modified_gmt":"2021-11-23T14:26:30","slug":"milano","status":"publish","type":"page","link":"https:\/\/digitalhistory.unite.it\/en\/temi\/conservatori\/quarantore\/milano\/","title":{"rendered":"Milano"},"content":{"rendered":"<h1>Milano <\/h1>\n<div class=\"testo\">\n<p style=\"text-align: justify\"><img loading=\"lazy\" decoding=\"async\" src=\"https:\/\/digitalhistory.unite.it\/wp-content\/uploads\/2021\/08\/milano_duomo_galleria1_252x142.jpg\" width=\"252\" height=\"142\" alt=\"Milano\" align=\"left\">La Milano barocca&nbsp;era parte del dominio degli Asburgo di Spagna (nel 1535 Carlo V, 1500-1558, assorb\u00ec definitivamente il ducato milanese nei possedimenti imperiali). Gli Spagnoli fortificarono la citt\u00e0, dotandola di una smisurata cinta muraria di oltre undici chilometri (una tra le pi\u00f9 estese d&#8217;Europa), e ne affidarono l&#8217;amministrazione ad un Governatore. A cavallo tra Cinque e Seicento, due successive ondate di peste (1576 e 1630-31) provocarono il dimezzamento della popolazione: dagli oltre 130.000 abitanti della prima met\u00e0 del XVI secolo, si scese a circa 60.000. Durante la dominazione spagnola la citt\u00e0 perse la centralit\u00e0 politica acquisita in epoca ducale con i Visconti e gli Sforza, ma vide affermarsi il protagonismo della cattedra arcivescovile, spesso in contrasto con gli interessi della Corona spagnola e, in alcuni casi, con le stesse direttive di Roma. Dapprima Carlo (1560-1584) e poi Federico (1595-1631) Borromeo, si fecero interpreti prestigiosi del mecenatismo e della politica ecclesiastica controriformista, con una poderosa riorganizzazione della struttura diocesana. Nel 1647 ci fu una congiura anti-spagnola, che non ebbe per\u00f2 il seguito di quelle contemporanee di Napoli e Palermo. Nel corso della Guerra dei Trent&#8217;anni (1618-1648), lo stato di Milano fu un centro nevralgico della politica militare spagnola. Nel 1655 la citt\u00e0 fu messa sotto assedio dai francesi. Nel 1714 Milano pass\u00f2 ufficialmente sotto il dominio della dinastia imperiale degli Asburgo d&#8217;Austria e inizi\u00f2 la sua ricca stagione illuminista.<\/p>\n<\/div>\n<p><\/p>\n","protected":false},"excerpt":{"rendered":"<p>Milano La Milano barocca&nbsp;era parte del dominio degli Asburgo di Spagna (nel 1535 Carlo V, 1500-1558, assorb\u00ec definitivamente il ducato milanese nei possedimenti imperiali). Gli Spagnoli fortificarono la citt\u00e0, dotandola di una smisurata cinta muraria di oltre undici chilometri (una tra le pi\u00f9 estese d&#8217;Europa),&hellip;<\/p>\n","protected":false},"author":1,"featured_media":0,"parent":6135,"menu_order":0,"comment_status":"closed","ping_status":"closed","template":"","meta":{"footnotes":""},"class_list":["post-6981","page","type-page","status-publish","hentry"],"_links":{"self":[{"href":"https:\/\/digitalhistory.unite.it\/en\/wp-json\/wp\/v2\/pages\/6981","targetHints":{"allow":["GET"]}}],"collection":[{"href":"https:\/\/digitalhistory.unite.it\/en\/wp-json\/wp\/v2\/pages"}],"about":[{"href":"https:\/\/digitalhistory.unite.it\/en\/wp-json\/wp\/v2\/types\/page"}],"author":[{"embeddable":true,"href":"https:\/\/digitalhistory.unite.it\/en\/wp-json\/wp\/v2\/users\/1"}],"replies":[{"embeddable":true,"href":"https:\/\/digitalhistory.unite.it\/en\/wp-json\/wp\/v2\/comments?post=6981"}],"version-history":[{"count":3,"href":"https:\/\/digitalhistory.unite.it\/en\/wp-json\/wp\/v2\/pages\/6981\/revisions"}],"predecessor-version":[{"id":10414,"href":"https:\/\/digitalhistory.unite.it\/en\/wp-json\/wp\/v2\/pages\/6981\/revisions\/10414"}],"up":[{"embeddable":true,"href":"https:\/\/digitalhistory.unite.it\/en\/wp-json\/wp\/v2\/pages\/6135"}],"wp:attachment":[{"href":"https:\/\/digitalhistory.unite.it\/en\/wp-json\/wp\/v2\/media?parent=6981"}],"curies":[{"name":"wp","href":"https:\/\/api.w.org\/{rel}","templated":true}]}}

<h1>Milano </h1>
<div class="testo">
<p style="text-align: justify"><img loading="lazy" decoding="async" src="https://digitalhistory.unite.it/wp-content/uploads/2021/08/milano_duomo_galleria1_252x142.jpg" width="252" height="142" alt="Milano" align="left">La Milano barocca&nbsp;era parte del dominio degli Asburgo di Spagna (nel 1535 Carlo V, 1500-1558, assorbì definitivamente il ducato milanese nei possedimenti imperiali). Gli Spagnoli fortificarono la città, dotandola di una smisurata cinta muraria di oltre undici chilometri (una tra le più estese d&#8217;Europa), e ne affidarono l&#8217;amministrazione ad un Governatore. A cavallo tra Cinque e Seicento, due successive ondate di peste (1576 e 1630-31) provocarono il dimezzamento della popolazione: dagli oltre 130.000 abitanti della prima metà del XVI secolo, si scese a circa 60.000. Durante la dominazione spagnola la città perse la centralità politica acquisita in epoca ducale con i Visconti e gli Sforza, ma vide affermarsi il protagonismo della cattedra arcivescovile, spesso in contrasto con gli interessi della Corona spagnola e, in alcuni casi, con le stesse direttive di Roma. Dapprima Carlo (1560-1584) e poi Federico (1595-1631) Borromeo, si fecero interpreti prestigiosi del mecenatismo e della politica ecclesiastica controriformista, con una poderosa riorganizzazione della struttura diocesana. Nel 1647 ci fu una congiura anti-spagnola, che non ebbe però il seguito di quelle contemporanee di Napoli e Palermo. Nel corso della Guerra dei Trent&#8217;anni (1618-1648), lo stato di Milano fu un centro nevralgico della politica militare spagnola. Nel 1655 la città fu messa sotto assedio dai francesi. Nel 1714 Milano passò ufficialmente sotto il dominio della dinastia imperiale degli Asburgo d&#8217;Austria e iniziò la sua ricca stagione illuminista.</p>
</div>
<p></p>

<p>Milano La Milano barocca&nbsp;era parte del dominio degli Asburgo di Spagna (nel 1535 Carlo V, 1500-1558, assorbì definitivamente il ducato milanese nei possedimenti imperiali). Gli Spagnoli fortificarono la città, dotandola di una smisurata cinta muraria di oltre undici chilometri (una tra le più estese d&#8217;Europa),&hellip;</p>
