{"id":5926,"date":"2021-08-20T00:02:38","date_gmt":"2021-08-19T22:02:38","guid":{"rendered":"https:\/\/digitalhistory.unite.it\/lingresso-in-citta-il-cassaro-e-porta-felice\/"},"modified":"2021-11-23T15:27:29","modified_gmt":"2021-11-23T14:27:29","slug":"lingresso-in-citta-il-cassaro-e-porta-felice","status":"publish","type":"page","link":"https:\/\/digitalhistory.unite.it\/es\/territori\/percorsi-urbani\/la-sicilia-spagnola-e-la-palermo-dei-vicere\/lingresso-in-citta-il-cassaro-e-porta-felice\/","title":{"rendered":"L&#8217;ingresso in citt\u00e0: il Cassaro e Porta Felice"},"content":{"rendered":"<h1>L&#8217;ingresso in citt\u00e0: il Cassaro e Porta Felice <\/h1>\n<div class=\"testo\">\n<p style=\"text-align: justify\"><img loading=\"lazy\" decoding=\"async\" src=\"https:\/\/digitalhistory.unite.it\/wp-content\/uploads\/2021\/08\/mare_252x189.jpg\" width=\"252\" height=\"189\" alt=\"Mare\" align=\"left\">Generalmente l&#8217;ingresso del vicer\u00e9 avviene dal mare. Tutta la popolazione si raduna sullo specchio di mare dove attracca la galera capitana. Per l&#8217;occasione viene costruito un ponte che colleghi la terraferma alla nave, dove si schierano le principali magistrature urbane e la nobilt\u00e0 siciliana, anche se la cosa non \u00e8 esattamente priva di pericoli. Come racconta il cronista Vincenzo Di Giovanni, alla fine del Cinquecento, \u00abessendo per sbarcare [il vicer\u00e9], con grande allegrezza e plauso sonandosi da ogni parte trombe e tamburi, e sparando l&#8217;arteglieria, ecco l&#8217;allegrezza convertirsi in lutto; ch\u00e9 cadde il ponte, e tutti i signori e magistrati si videro in un tratto guizzar nell&#8217;acque\u00bb (V. Di Giovanni, <em>Palermo restaurato<\/em>, a cura di M. Giorgianni e A. Santamaura, con una nota di S. Pedone, Palermo, Sellerio, 1989, p. 336). Il nostro vicer\u00e9, per\u00f2, oggi non corre tale pericolo. \u00c8 felicemente disceso dalla nave e la citt\u00e0 gli si offre in tutto il suo splendore. Per giungere alla cattedrale, dove si svolger\u00e0 la cerimonia della presa di possesso, dovr\u00e0 attraversarla interamente. Il compito \u00e8 reso pi\u00f9 agevole dal fatto che, nel corso del Cinquecento, \u00e8 stata tracciata una lunga via rettilinea che collega la cattedrale e il vicino palazzo regio al mare: il <a href=\"#\" class=\"tooltip yellow-tooltip\">Cassaro<span>La strada \u00e8 il frutto di fatiche decennali. Viene iniziata, proprio al lato opposto da quello dello sbarco del nostro vicer\u00e9, dove sorgono il Palazzo reale e la Cattedrale, nel 1567. Si prosegue a tappe, con una certa lentezza, perch\u00e9 si tratta di demolire gran parte delle costruzioni che sorgono sulla direttrice. I lavori si concludono solo nei primi anni Ottanta del Cinquecento.<\/span><\/a>.<\/p>\n<p style=\"text-align: justify\"><img loading=\"lazy\" decoding=\"async\" src=\"https:\/\/digitalhistory.unite.it\/wp-content\/uploads\/2021\/08\/figura_4_251x220.jpg\" width=\"251\" height=\"220\" alt=\"Porta Felice 2\" align=\"left\">All&#8217;ingresso della strada, un superbo arco trionfale saluta il vicer\u00e9; si tratta di un&#8217;architettura effimera, commissionata dal Senato di <a href=\"\/temi\/feste-e-rituali\/i-misteri\/palermo\/\" title=\"Palermo\">Palermo<\/a>, la pi\u00f9 alta autorit\u00e0 cittadina, a poeti e scrittori locali che si avvalgono dell&#8217;opera delle maestranze cittadine: decoratori, carpentieri, pittori, tappezzieri e cos\u00ec via. Vi sono intere famiglie artigiane, come quelle degli Amato o dei Palma, specializzate nella realizzazione di manufatti cerimoniali. L&#8217;articolata struttura decorativa ospita musicisti e attori, che declamano versi composti per l&#8217;occasione. Non si tratta della reiterazione di epiteti elogiativi nei confronti del nuovo venuto. Malgrado la lontananza, a Palermo si conoscono perfettamente gli equilibri politici <a href=\"\/territori\/percorsi-regionali\/le-plazas-mayores-spagnole-e-il-barocco\/la-plaza-mayor-di-madrid\/madrid\/\" title=\"Madrid\">madrileni<\/a>, si sa in virt\u00f9 di quali spinte \u00e8 stato nominato il vicer\u00e9, a chi e a che cosa deve il titolo e il potere che si appresta ad esercitare. Nei testi che vengono recitati, pertanto, possono facilmente trasparire le aspettative politiche dei siciliani, i loro timori e i loro &#8220;avvertimenti&#8221;. Tali testi, generalmente stampati, costituiscono un autentico genere letterario e sono ancora disponibili, per i lettori curiosi, in varie librerie siciliane.<\/p>\n<p style=\"text-align: justify\"><img loading=\"lazy\" decoding=\"async\" src=\"https:\/\/digitalhistory.unite.it\/wp-content\/uploads\/2021\/08\/porta_felice_251x188.jpg\" width=\"251\" height=\"188\" alt=\"Porta Felice\" align=\"left\">Eredit\u00e0 visibile ai pi\u00f9, ricordo di queste complesse installazioni urbane, \u00e8 oggi, all&#8217;estremit\u00e0 di Via Vittorio Emanuele &#8211; nuovo nome del Cassaro &#8211; la Porta Felice (foto). Il nome \u00e8 frutto di una &#8220;felice&#8221; coincidenza: Felice, Felice Orsini, si chiama la moglie del vicer\u00e9 Marco Antonio Colonna, che commissiona la porta negli anni Ottanta del Cinquecento; &#8220;felice&#8221; \u00e8 l&#8217;epiteto con il quale tradizionalmente viene apostrofata la citt\u00e0 di Palermo. Per molto tempo della porta non sono innalzati che i basamenti, che tuttavia si prestano magnificamente a sostenere le complesse architetture effimere ideate in occasione di cerimonie pubbliche. Solo ai primi del Seicento, i lavori vengono ripresi sotto la direzione dell&#8217;architetto <a href=\"#\" class=\"tooltip yellow-tooltip\">Mariano Smiriglio<span>Architetto, pittore e decoratore palermitano, Mariano Smiriglio (1561-1636) \u00e8 stato uno dei principali esponenti dell&#8217;arte siciliana nella prima met\u00e0 del Seicento.<\/span><\/a>, che la licenzia nel 1637.<\/p>\n<p style=\"text-align: justify\">Varcata la soglia, ecco disegnarsi il rettilineo che il vicer\u00e9 deve percorrere, e al cui termine si intravvede nell&#8217;incisione la Porta Nuova, di cui avremo fra poco occasione di parlare.<\/p>\n<p style=\"text-align: justify\"><a href=\"\/territori\/percorsi-urbani\/la-sicilia-spagnola-e-la-palermo-dei-vicere\/a-spasso-con-il-vicere\/\" title=\"A spasso con il vicer\u00e9\">&lt;&lt;&lt;&#8212;pagina precedente<\/a> &nbsp; <a href=\"\/territori\/percorsi-urbani\/la-sicilia-spagnola-e-la-palermo-dei-vicere\/palazzo-delle-aquile-e-fontana-pretoria\/\" title=\"Palazzo delle Aquile e Fontana Pretoria\">pagina seguente&#8212;&gt;&gt;&gt;<\/a><\/p>\n<\/div>\n<p><\/p>\n","protected":false},"excerpt":{"rendered":"<p>L&#8217;ingresso in citt\u00e0: il Cassaro e Porta Felice Generalmente l&#8217;ingresso del vicer\u00e9 avviene dal mare. Tutta la popolazione si raduna sullo specchio di mare dove attracca la galera capitana. Per l&#8217;occasione viene costruito un ponte che colleghi la terraferma alla nave, dove si schierano le&hellip;<\/p>\n","protected":false},"author":1,"featured_media":0,"parent":6801,"menu_order":0,"comment_status":"closed","ping_status":"closed","template":"","meta":{"footnotes":""},"class_list":["post-5926","page","type-page","status-publish","hentry"],"_links":{"self":[{"href":"https:\/\/digitalhistory.unite.it\/es\/wp-json\/wp\/v2\/pages\/5926","targetHints":{"allow":["GET"]}}],"collection":[{"href":"https:\/\/digitalhistory.unite.it\/es\/wp-json\/wp\/v2\/pages"}],"about":[{"href":"https:\/\/digitalhistory.unite.it\/es\/wp-json\/wp\/v2\/types\/page"}],"author":[{"embeddable":true,"href":"https:\/\/digitalhistory.unite.it\/es\/wp-json\/wp\/v2\/users\/1"}],"replies":[{"embeddable":true,"href":"https:\/\/digitalhistory.unite.it\/es\/wp-json\/wp\/v2\/comments?post=5926"}],"version-history":[{"count":3,"href":"https:\/\/digitalhistory.unite.it\/es\/wp-json\/wp\/v2\/pages\/5926\/revisions"}],"predecessor-version":[{"id":11031,"href":"https:\/\/digitalhistory.unite.it\/es\/wp-json\/wp\/v2\/pages\/5926\/revisions\/11031"}],"up":[{"embeddable":true,"href":"https:\/\/digitalhistory.unite.it\/es\/wp-json\/wp\/v2\/pages\/6801"}],"wp:attachment":[{"href":"https:\/\/digitalhistory.unite.it\/es\/wp-json\/wp\/v2\/media?parent=5926"}],"curies":[{"name":"wp","href":"https:\/\/api.w.org\/{rel}","templated":true}]}}

L&#8217;ingresso in città: il Cassaro e Porta Felice

<h1>L&#8217;ingresso in città: il Cassaro e Porta Felice </h1>
<div class="testo">
<p style="text-align: justify"><img loading="lazy" decoding="async" src="https://digitalhistory.unite.it/wp-content/uploads/2021/08/mare_252x189.jpg" width="252" height="189" alt="Mare" align="left">Generalmente l&#8217;ingresso del viceré avviene dal mare. Tutta la popolazione si raduna sullo specchio di mare dove attracca la galera capitana. Per l&#8217;occasione viene costruito un ponte che colleghi la terraferma alla nave, dove si schierano le principali magistrature urbane e la nobiltà siciliana, anche se la cosa non è esattamente priva di pericoli. Come racconta il cronista Vincenzo Di Giovanni, alla fine del Cinquecento, «essendo per sbarcare [il viceré], con grande allegrezza e plauso sonandosi da ogni parte trombe e tamburi, e sparando l&#8217;arteglieria, ecco l&#8217;allegrezza convertirsi in lutto; ché cadde il ponte, e tutti i signori e magistrati si videro in un tratto guizzar nell&#8217;acque» (V. Di Giovanni, <em>Palermo restaurato</em>, a cura di M. Giorgianni e A. Santamaura, con una nota di S. Pedone, Palermo, Sellerio, 1989, p. 336). Il nostro viceré, però, oggi non corre tale pericolo. È felicemente disceso dalla nave e la città gli si offre in tutto il suo splendore. Per giungere alla cattedrale, dove si svolgerà la cerimonia della presa di possesso, dovrà attraversarla interamente. Il compito è reso più agevole dal fatto che, nel corso del Cinquecento, è stata tracciata una lunga via rettilinea che collega la cattedrale e il vicino palazzo regio al mare: il <a href="#" class="tooltip yellow-tooltip">Cassaro<span>La strada è il frutto di fatiche decennali. Viene iniziata, proprio al lato opposto da quello dello sbarco del nostro viceré, dove sorgono il Palazzo reale e la Cattedrale, nel 1567. Si prosegue a tappe, con una certa lentezza, perché si tratta di demolire gran parte delle costruzioni che sorgono sulla direttrice. I lavori si concludono solo nei primi anni Ottanta del Cinquecento.</span></a>.</p>
<p style="text-align: justify"><img loading="lazy" decoding="async" src="https://digitalhistory.unite.it/wp-content/uploads/2021/08/figura_4_251x220.jpg" width="251" height="220" alt="Porta Felice 2" align="left">All&#8217;ingresso della strada, un superbo arco trionfale saluta il viceré; si tratta di un&#8217;architettura effimera, commissionata dal Senato di <a href="/temi/feste-e-rituali/i-misteri/palermo/" title="Palermo">Palermo</a>, la più alta autorità cittadina, a poeti e scrittori locali che si avvalgono dell&#8217;opera delle maestranze cittadine: decoratori, carpentieri, pittori, tappezzieri e così via. Vi sono intere famiglie artigiane, come quelle degli Amato o dei Palma, specializzate nella realizzazione di manufatti cerimoniali. L&#8217;articolata struttura decorativa ospita musicisti e attori, che declamano versi composti per l&#8217;occasione. Non si tratta della reiterazione di epiteti elogiativi nei confronti del nuovo venuto. Malgrado la lontananza, a Palermo si conoscono perfettamente gli equilibri politici <a href="/territori/percorsi-regionali/le-plazas-mayores-spagnole-e-il-barocco/la-plaza-mayor-di-madrid/madrid/" title="Madrid">madrileni</a>, si sa in virtù di quali spinte è stato nominato il viceré, a chi e a che cosa deve il titolo e il potere che si appresta ad esercitare. Nei testi che vengono recitati, pertanto, possono facilmente trasparire le aspettative politiche dei siciliani, i loro timori e i loro &#8220;avvertimenti&#8221;. Tali testi, generalmente stampati, costituiscono un autentico genere letterario e sono ancora disponibili, per i lettori curiosi, in varie librerie siciliane.</p>
<p style="text-align: justify"><img loading="lazy" decoding="async" src="https://digitalhistory.unite.it/wp-content/uploads/2021/08/porta_felice_251x188.jpg" width="251" height="188" alt="Porta Felice" align="left">Eredità visibile ai più, ricordo di queste complesse installazioni urbane, è oggi, all&#8217;estremità di Via Vittorio Emanuele &#8211; nuovo nome del Cassaro &#8211; la Porta Felice (foto). Il nome è frutto di una &#8220;felice&#8221; coincidenza: Felice, Felice Orsini, si chiama la moglie del viceré Marco Antonio Colonna, che commissiona la porta negli anni Ottanta del Cinquecento; &#8220;felice&#8221; è l&#8217;epiteto con il quale tradizionalmente viene apostrofata la città di Palermo. Per molto tempo della porta non sono innalzati che i basamenti, che tuttavia si prestano magnificamente a sostenere le complesse architetture effimere ideate in occasione di cerimonie pubbliche. Solo ai primi del Seicento, i lavori vengono ripresi sotto la direzione dell&#8217;architetto <a href="#" class="tooltip yellow-tooltip">Mariano Smiriglio<span>Architetto, pittore e decoratore palermitano, Mariano Smiriglio (1561-1636) è stato uno dei principali esponenti dell&#8217;arte siciliana nella prima metà del Seicento.</span></a>, che la licenzia nel 1637.</p>
<p style="text-align: justify">Varcata la soglia, ecco disegnarsi il rettilineo che il viceré deve percorrere, e al cui termine si intravvede nell&#8217;incisione la Porta Nuova, di cui avremo fra poco occasione di parlare.</p>
<p style="text-align: justify"><a href="/territori/percorsi-urbani/la-sicilia-spagnola-e-la-palermo-dei-vicere/a-spasso-con-il-vicere/" title="A spasso con il viceré">&lt;&lt;&lt;&#8212;pagina precedente</a> &nbsp; <a href="/territori/percorsi-urbani/la-sicilia-spagnola-e-la-palermo-dei-vicere/palazzo-delle-aquile-e-fontana-pretoria/" title="Palazzo delle Aquile e Fontana Pretoria">pagina seguente&#8212;&gt;&gt;&gt;</a></p>
</div>
<p></p>

<p>L&#8217;ingresso in città: il Cassaro e Porta Felice Generalmente l&#8217;ingresso del viceré avviene dal mare. Tutta la popolazione si raduna sullo specchio di mare dove attracca la galera capitana. Per l&#8217;occasione viene costruito un ponte che colleghi la terraferma alla nave, dove si schierano le&hellip;</p>
