{"id":6081,"date":"2021-08-20T00:02:58","date_gmt":"2021-08-19T22:02:58","guid":{"rendered":"https:\/\/digitalhistory.unite.it\/arte-ed-evangelizzazione\/"},"modified":"2021-11-23T15:27:14","modified_gmt":"2021-11-23T14:27:14","slug":"arte-ed-evangelizzazione","status":"publish","type":"page","link":"https:\/\/digitalhistory.unite.it\/es\/territori\/percorsi-trans-nazionali\/il-barocco-andino\/arte-ed-evangelizzazione\/","title":{"rendered":"L&#8217;arte europea e l&#8217;evangelizzazione del Nuovo Mondo"},"content":{"rendered":"<h1>L&#8217;arte europea e l&#8217;evangelizzazione del Nuovo Mondo <\/h1>\n<div class=\"testo\">\n<p style=\"text-align: justify\"><img loading=\"lazy\" decoding=\"async\" src=\"https:\/\/digitalhistory.unite.it\/wp-content\/uploads\/2021\/08\/church_of_la_compa__a__cuzco_342x270.jpg\" width=\"342\" height=\"270\" alt=\"Cuzco, Chiesa della Compagnia\" align=\"left\">La diffusione del Barocco nell&#8217;America spagnola, in particolare in Per\u00f9, fu strettamente legata all&#8217;opera di evangelizzazione intrapresa dai vari <a href=\"\/territori\/percorsi-urbani\/lecce-la-citta-simbolo-del-barocco\/piazza-santoronzo\/ordini-religiosi\/\" title=\"Ordini religiosi\">Ordini religiosi<\/a> presenti sul territorio del Vicereame sudamericano. Data l&#8217;oggettiva difficolt\u00e0 di comunicare i precetti del cristianesimo in modo chiaro, non suscettibile di essere distorto dall&#8217;originaria, autoctona tradizione di culti andini, l&#8217;ausilio di opere d&#8217;arte sacra, con il loro forte impatto visivo, fu considerato strategico ai fini dell&#8217;evangelizzazione. Per questo motivo, oltre che per decorare le molte chiese nel frattempo costruite, fu stimolato l&#8217;arrivo di numerosi artisti europei, specificamente pittori. Le numerose richieste provenienti da pi\u00f9 parti del Vicereame del Per\u00f9 imposero la formazione di scuole locali che produssero opere in grande quantit\u00e0, spesso non firmate poich\u00e9 elaborate collettivamente. Per la verit\u00e0 questo processo era gi\u00e0 iniziato alla fine del Cinquecento, seguendo i modelli artistici importati dall&#8217;Europa del tardo Rinascimento e del Manierismo, e che si era esplicitato nella diffusione del Manierismo anche in Sud America. (foto: Chiesa della <a href=\"\/territori\/percorsi-urbani\/lecce-la-citta-simbolo-del-barocco\/seminario\/compagnia-di-gesu\/\" title=\"Compagnia di Ges\u00f9\">Compagnia di Ges\u00f9<\/a>, Cuzco).<\/p>\n<p style=\"text-align: justify\"><a href=\"\/territori\/percorsi-trans-nazionali\/\" title=\"Percorsi trans-nazionali\">&lt;&lt;&lt;&#8212;torna all&#8217;indice<\/a> &nbsp; <a href=\"\/territori\/percorsi-trans-nazionali\/il-barocco-andino\/bernardo-bitti\/\" title=\"Bernardo Bitti\">pagina seguente&#8212;&gt;&gt;&gt;<\/a><\/p>\n<\/div>\n<p><\/p>\n","protected":false},"excerpt":{"rendered":"<p>L&#8217;arte europea e l&#8217;evangelizzazione del Nuovo Mondo La diffusione del Barocco nell&#8217;America spagnola, in particolare in Per\u00f9, fu strettamente legata all&#8217;opera di evangelizzazione intrapresa dai vari Ordini religiosi presenti sul territorio del Vicereame sudamericano. Data l&#8217;oggettiva difficolt\u00e0 di comunicare i precetti del cristianesimo in modo&hellip;<\/p>\n","protected":false},"author":1,"featured_media":0,"parent":6983,"menu_order":0,"comment_status":"closed","ping_status":"closed","template":"","meta":{"footnotes":""},"class_list":["post-6081","page","type-page","status-publish","hentry"],"_links":{"self":[{"href":"https:\/\/digitalhistory.unite.it\/es\/wp-json\/wp\/v2\/pages\/6081","targetHints":{"allow":["GET"]}}],"collection":[{"href":"https:\/\/digitalhistory.unite.it\/es\/wp-json\/wp\/v2\/pages"}],"about":[{"href":"https:\/\/digitalhistory.unite.it\/es\/wp-json\/wp\/v2\/types\/page"}],"author":[{"embeddable":true,"href":"https:\/\/digitalhistory.unite.it\/es\/wp-json\/wp\/v2\/users\/1"}],"replies":[{"embeddable":true,"href":"https:\/\/digitalhistory.unite.it\/es\/wp-json\/wp\/v2\/comments?post=6081"}],"version-history":[{"count":3,"href":"https:\/\/digitalhistory.unite.it\/es\/wp-json\/wp\/v2\/pages\/6081\/revisions"}],"predecessor-version":[{"id":10876,"href":"https:\/\/digitalhistory.unite.it\/es\/wp-json\/wp\/v2\/pages\/6081\/revisions\/10876"}],"up":[{"embeddable":true,"href":"https:\/\/digitalhistory.unite.it\/es\/wp-json\/wp\/v2\/pages\/6983"}],"wp:attachment":[{"href":"https:\/\/digitalhistory.unite.it\/es\/wp-json\/wp\/v2\/media?parent=6081"}],"curies":[{"name":"wp","href":"https:\/\/api.w.org\/{rel}","templated":true}]}}

<h1>L&#8217;arte europea e l&#8217;evangelizzazione del Nuovo Mondo </h1>
<div class="testo">
<p style="text-align: justify"><img loading="lazy" decoding="async" src="https://digitalhistory.unite.it/wp-content/uploads/2021/08/church_of_la_compa__a__cuzco_342x270.jpg" width="342" height="270" alt="Cuzco, Chiesa della Compagnia" align="left">La diffusione del Barocco nell&#8217;America spagnola, in particolare in Perù, fu strettamente legata all&#8217;opera di evangelizzazione intrapresa dai vari <a href="/territori/percorsi-urbani/lecce-la-citta-simbolo-del-barocco/piazza-santoronzo/ordini-religiosi/" title="Ordini religiosi">Ordini religiosi</a> presenti sul territorio del Vicereame sudamericano. Data l&#8217;oggettiva difficoltà di comunicare i precetti del cristianesimo in modo chiaro, non suscettibile di essere distorto dall&#8217;originaria, autoctona tradizione di culti andini, l&#8217;ausilio di opere d&#8217;arte sacra, con il loro forte impatto visivo, fu considerato strategico ai fini dell&#8217;evangelizzazione. Per questo motivo, oltre che per decorare le molte chiese nel frattempo costruite, fu stimolato l&#8217;arrivo di numerosi artisti europei, specificamente pittori. Le numerose richieste provenienti da più parti del Vicereame del Perù imposero la formazione di scuole locali che produssero opere in grande quantità, spesso non firmate poiché elaborate collettivamente. Per la verità questo processo era già iniziato alla fine del Cinquecento, seguendo i modelli artistici importati dall&#8217;Europa del tardo Rinascimento e del Manierismo, e che si era esplicitato nella diffusione del Manierismo anche in Sud America. (foto: Chiesa della <a href="/territori/percorsi-urbani/lecce-la-citta-simbolo-del-barocco/seminario/compagnia-di-gesu/" title="Compagnia di Gesù">Compagnia di Gesù</a>, Cuzco).</p>
<p style="text-align: justify"><a href="/territori/percorsi-trans-nazionali/" title="Percorsi trans-nazionali">&lt;&lt;&lt;&#8212;torna all&#8217;indice</a> &nbsp; <a href="/territori/percorsi-trans-nazionali/il-barocco-andino/bernardo-bitti/" title="Bernardo Bitti">pagina seguente&#8212;&gt;&gt;&gt;</a></p>
</div>
<p></p>

<p>L&#8217;arte europea e l&#8217;evangelizzazione del Nuovo Mondo La diffusione del Barocco nell&#8217;America spagnola, in particolare in Perù, fu strettamente legata all&#8217;opera di evangelizzazione intrapresa dai vari Ordini religiosi presenti sul territorio del Vicereame sudamericano. Data l&#8217;oggettiva difficoltà di comunicare i precetti del cristianesimo in modo&hellip;</p>
