{"id":6083,"date":"2021-08-20T00:02:58","date_gmt":"2021-08-19T22:02:58","guid":{"rendered":"https:\/\/digitalhistory.unite.it\/matteo-perez-de-alessio\/"},"modified":"2021-11-23T15:27:14","modified_gmt":"2021-11-23T14:27:14","slug":"matteo-perez-de-alessio","status":"publish","type":"page","link":"https:\/\/digitalhistory.unite.it\/es\/territori\/percorsi-trans-nazionali\/il-barocco-andino\/matteo-perez-de-alessio\/","title":{"rendered":"Il manierismo e l&#8217;influenza italiana nel vicereame del Per\u00f9: Matteo P\u00e9rez de Alessio"},"content":{"rendered":"<h1>Il manierismo e l&#8217;influenza italiana nel vicereame del Per\u00f9: Matteo P\u00e9rez de Alessio <\/h1>\n<div class=\"testo\">\n<p style=\"text-align: justify\"><img loading=\"lazy\" decoding=\"async\" src=\"https:\/\/digitalhistory.unite.it\/wp-content\/uploads\/2021\/08\/matteo_perez__disputa_sul_corpo_di_mos__343x204.jpg\" width=\"343\" height=\"204\" alt=\"Matteo Perez de Alessio\" align=\"left\">Matteo P\u00e9rez de Alessio, noto anche come Matteo da Lecce, nacque verso il 1547 a <a href=\"\/territori\/percorsi-urbani\/lecce-la-citta-simbolo-del-barocco\/\" title=\"Lecce, la citt\u00e0 simbolo del Barocco\">Lecce<\/a>. Nel 1573 fu ammesso all&#8217;Accademia di San Luca e lavor\u00f2 nella decorazione murale di villa Mondragone a Frascati e di Villa d&#8217;Este a Tivoli. Tra il 1573 e il 1574 realizz\u00f2 la sua opera romana pi\u00f9 importante, <em>La disputa del corpo di Mos\u00e9<\/em>, affresco sul muro d&#8217;entrata della Cappella Sistina che sostitu\u00ec la pittura murale sullo stesso tema dipinta dal Ghirlandaio e danneggiato da alcune ristrutturazioni architettoniche. Tra il 1576 e il 1581 l&#8217;artista lavor\u00f2 a Malta, dove dipinse un insieme di affreschi per la sala degli ambasciatori del palazzo di La Valletta, con varie scene dell&#8217;assedio dell&#8217;isola da parte della flotta turca. Dopo una nuova permanenza a Roma si rec\u00f2 a <a href=\"\/temi\/feste-e-rituali\/i-giganti-in-spagna\/siviglia\/\" title=\"Siviglia\">Siviglia<\/a> dove, nel 1584, dipinse un grande affresco di <em>San Cristoforo<\/em> che ancora si pu\u00f2 vedere nella cattedrale della citt\u00e0, dove si firm\u00f2 &#8220;Matteo P\u00e9rez de Alessio, Italiano&#8221;.<\/p>\n<p style=\"text-align: justify\">Alessio arriv\u00f2 a Lima alla fine del decennio del 1580, dove entr\u00f2 nel circolo che lavorava per la <a href=\"\/territori\/percorsi-regionali\/le-plazas-mayores-spagnole-e-il-barocco\/la-plaza-mayor-di-madrid\/corte\/\" title=\"Corte\">corte<\/a> del vicer\u00e9. Qui, oltre che dipingere il ritratto del vicer\u00e9 Garc\u00eda Hurtado de Mendoza, inizi\u00f2 un&#8217;importante attivit\u00e0 pittorica ed esercit\u00f2 la sua influenza su numerosi discepoli. Nella cattedrale di Lima dipinse una grande tela di <em>San Cristoforo<\/em>, replica di quella che lasci\u00f2 a Siviglia, oggi perduta. Dipinse anche un <em>San Paolo<\/em> e un <em>San Pietro<\/em> per quella che fu la cappella della cattedrale, opere anch&#8217;esse perdute, come la maggioranza delle sue tele. Gli si attribuiscono gli affreschi murali della cappella del capitano Villegas, nella chiesa della Merced, a Lima, e una <em>Madonna di Betlemme<\/em>, probabilmente dipinta per l&#8217;arcivescovo Toribio de Mogrovejo. C&#8217;\u00e8 un gran numero di copie e di varianti di queste opere a Lima, a Cuzco e in altre citt\u00e0 peruviane: i discepoli di Alessio perpetuarono lo stile del maestro italiano fino alla met\u00e0 del diciassettesimo secolo, tentando di ottenere, secondo le sue indicazioni, pigmenti simili a quelli europei utilizzando prodotti locali. (immagine: Matteo P\u00e9rez de Alessio, <em>Disputa sul corpo di Mos\u00e8<\/em>).<\/p>\n<p style=\"text-align: justify\"><a href=\"\/territori\/percorsi-trans-nazionali\/il-barocco-andino\/bernardo-bitti\/\" title=\"Bernardo Bitti\">&lt;&lt;&lt;&#8212;pagina precedente<\/a> &nbsp; <a href=\"\/territori\/percorsi-trans-nazionali\/il-barocco-andino\/angelino-medoro\/\" title=\"Angelino Medoro\">pagina seguente&#8212;&gt;&gt;&gt;<\/a><\/p>\n<\/div>\n<p><\/p>\n","protected":false},"excerpt":{"rendered":"<p>Il manierismo e l&#8217;influenza italiana nel vicereame del Per\u00f9: Matteo P\u00e9rez de Alessio Matteo P\u00e9rez de Alessio, noto anche come Matteo da Lecce, nacque verso il 1547 a Lecce. Nel 1573 fu ammesso all&#8217;Accademia di San Luca e lavor\u00f2 nella decorazione murale di villa Mondragone&hellip;<\/p>\n","protected":false},"author":1,"featured_media":0,"parent":6983,"menu_order":0,"comment_status":"closed","ping_status":"closed","template":"","meta":{"footnotes":""},"class_list":["post-6083","page","type-page","status-publish","hentry"],"_links":{"self":[{"href":"https:\/\/digitalhistory.unite.it\/es\/wp-json\/wp\/v2\/pages\/6083","targetHints":{"allow":["GET"]}}],"collection":[{"href":"https:\/\/digitalhistory.unite.it\/es\/wp-json\/wp\/v2\/pages"}],"about":[{"href":"https:\/\/digitalhistory.unite.it\/es\/wp-json\/wp\/v2\/types\/page"}],"author":[{"embeddable":true,"href":"https:\/\/digitalhistory.unite.it\/es\/wp-json\/wp\/v2\/users\/1"}],"replies":[{"embeddable":true,"href":"https:\/\/digitalhistory.unite.it\/es\/wp-json\/wp\/v2\/comments?post=6083"}],"version-history":[{"count":3,"href":"https:\/\/digitalhistory.unite.it\/es\/wp-json\/wp\/v2\/pages\/6083\/revisions"}],"predecessor-version":[{"id":10875,"href":"https:\/\/digitalhistory.unite.it\/es\/wp-json\/wp\/v2\/pages\/6083\/revisions\/10875"}],"up":[{"embeddable":true,"href":"https:\/\/digitalhistory.unite.it\/es\/wp-json\/wp\/v2\/pages\/6983"}],"wp:attachment":[{"href":"https:\/\/digitalhistory.unite.it\/es\/wp-json\/wp\/v2\/media?parent=6083"}],"curies":[{"name":"wp","href":"https:\/\/api.w.org\/{rel}","templated":true}]}}

Il manierismo e l&#8217;influenza italiana nel vicereame del Perù: Matteo Pérez de Alessio

<h1>Il manierismo e l&#8217;influenza italiana nel vicereame del Perù: Matteo Pérez de Alessio </h1>
<div class="testo">
<p style="text-align: justify"><img loading="lazy" decoding="async" src="https://digitalhistory.unite.it/wp-content/uploads/2021/08/matteo_perez__disputa_sul_corpo_di_mos__343x204.jpg" width="343" height="204" alt="Matteo Perez de Alessio" align="left">Matteo Pérez de Alessio, noto anche come Matteo da Lecce, nacque verso il 1547 a <a href="/territori/percorsi-urbani/lecce-la-citta-simbolo-del-barocco/" title="Lecce, la città simbolo del Barocco">Lecce</a>. Nel 1573 fu ammesso all&#8217;Accademia di San Luca e lavorò nella decorazione murale di villa Mondragone a Frascati e di Villa d&#8217;Este a Tivoli. Tra il 1573 e il 1574 realizzò la sua opera romana più importante, <em>La disputa del corpo di Mosé</em>, affresco sul muro d&#8217;entrata della Cappella Sistina che sostituì la pittura murale sullo stesso tema dipinta dal Ghirlandaio e danneggiato da alcune ristrutturazioni architettoniche. Tra il 1576 e il 1581 l&#8217;artista lavorò a Malta, dove dipinse un insieme di affreschi per la sala degli ambasciatori del palazzo di La Valletta, con varie scene dell&#8217;assedio dell&#8217;isola da parte della flotta turca. Dopo una nuova permanenza a Roma si recò a <a href="/temi/feste-e-rituali/i-giganti-in-spagna/siviglia/" title="Siviglia">Siviglia</a> dove, nel 1584, dipinse un grande affresco di <em>San Cristoforo</em> che ancora si può vedere nella cattedrale della città, dove si firmò &#8220;Matteo Pérez de Alessio, Italiano&#8221;.</p>
<p style="text-align: justify">Alessio arrivò a Lima alla fine del decennio del 1580, dove entrò nel circolo che lavorava per la <a href="/territori/percorsi-regionali/le-plazas-mayores-spagnole-e-il-barocco/la-plaza-mayor-di-madrid/corte/" title="Corte">corte</a> del viceré. Qui, oltre che dipingere il ritratto del viceré García Hurtado de Mendoza, iniziò un&#8217;importante attività pittorica ed esercitò la sua influenza su numerosi discepoli. Nella cattedrale di Lima dipinse una grande tela di <em>San Cristoforo</em>, replica di quella che lasciò a Siviglia, oggi perduta. Dipinse anche un <em>San Paolo</em> e un <em>San Pietro</em> per quella che fu la cappella della cattedrale, opere anch&#8217;esse perdute, come la maggioranza delle sue tele. Gli si attribuiscono gli affreschi murali della cappella del capitano Villegas, nella chiesa della Merced, a Lima, e una <em>Madonna di Betlemme</em>, probabilmente dipinta per l&#8217;arcivescovo Toribio de Mogrovejo. C&#8217;è un gran numero di copie e di varianti di queste opere a Lima, a Cuzco e in altre città peruviane: i discepoli di Alessio perpetuarono lo stile del maestro italiano fino alla metà del diciassettesimo secolo, tentando di ottenere, secondo le sue indicazioni, pigmenti simili a quelli europei utilizzando prodotti locali. (immagine: Matteo Pérez de Alessio, <em>Disputa sul corpo di Mosè</em>).</p>
<p style="text-align: justify"><a href="/territori/percorsi-trans-nazionali/il-barocco-andino/bernardo-bitti/" title="Bernardo Bitti">&lt;&lt;&lt;&#8212;pagina precedente</a> &nbsp; <a href="/territori/percorsi-trans-nazionali/il-barocco-andino/angelino-medoro/" title="Angelino Medoro">pagina seguente&#8212;&gt;&gt;&gt;</a></p>
</div>
<p></p>

<p>Il manierismo e l&#8217;influenza italiana nel vicereame del Perù: Matteo Pérez de Alessio Matteo Pérez de Alessio, noto anche come Matteo da Lecce, nacque verso il 1547 a Lecce. Nel 1573 fu ammesso all&#8217;Accademia di San Luca e lavorò nella decorazione murale di villa Mondragone&hellip;</p>
