{"id":6084,"date":"2021-08-20T00:02:58","date_gmt":"2021-08-19T22:02:58","guid":{"rendered":"https:\/\/digitalhistory.unite.it\/angelino-medoro\/"},"modified":"2021-11-23T15:27:14","modified_gmt":"2021-11-23T14:27:14","slug":"angelino-medoro","status":"publish","type":"page","link":"https:\/\/digitalhistory.unite.it\/es\/territori\/percorsi-trans-nazionali\/il-barocco-andino\/angelino-medoro\/","title":{"rendered":"Il manierismo e l&#8217;influenza italiana nel vicereame del Per\u00f9: Angelino Medoro"},"content":{"rendered":"<h1>Il manierismo e l&#8217;influenza italiana nel vicereame del Per\u00f9: Angelino Medoro <\/h1>\n<div class=\"testo\">\n<p style=\"text-align: justify\"><img loading=\"lazy\" decoding=\"async\" src=\"https:\/\/digitalhistory.unite.it\/wp-content\/uploads\/2021\/08\/medoro__virgen_con_el_ni_o_entre_san_francisco_y_santa_clara_252x341.jpg\" width=\"252\" height=\"341\" alt=\"Medoro, Virgen con el nino\" align=\"left\">Angelino Medoro nacque a <a href=\"\/territori\/percorsi-regionali\/il-barocco-in-provincia-de-laquila\/bugnara\/napoli\/\" title=\"Napoli\">Napoli<\/a> attorno al 1565. Formatosi artisticamente in Italia, dove firmava i suoi quadri come &#8220;Romano pittore&#8221;, si rec\u00f2 in data sconosciuta a <a href=\"\/temi\/feste-e-rituali\/i-giganti-in-spagna\/siviglia\/\" title=\"Siviglia\">Siviglia<\/a>, dove si conserva una <em>Flagellazione di Cristo<\/em>. Dal 1586 era a Santa Fe de Bogot\u00e0, dove ha lasciato una produzione abbondante, cos\u00ec come in altre localit\u00e0 dell&#8217;attuale Colombia. Nel 1592 si trasfer\u00ec a Quito, dove lavor\u00f2 per i <a href=\"\/territori\/percorsi-urbani\/lecce-la-citta-simbolo-del-barocco\/zimbalo\/domenicani\/\" title=\"Domenicani\">Domenicani<\/a> ed ebbe tra i suoi allievi alcuni degli iniziatori della scuola pittorica di Quito. Nel 1600 pass\u00f2 a Lima, dove lavor\u00f2 a lungo per vari <a href=\"\/territori\/percorsi-urbani\/lecce-la-citta-simbolo-del-barocco\/piazza-santoronzo\/ordini-religiosi\/\" title=\"Ordini religiosi\">Ordini religiosi<\/a>. Tra le numerose opere, a Lima c&#8217;era una grande tela, oggi scomparsa, <em>Nuestra Se\u00f1ora de la Merced<\/em>, dipinta per il refettorio del convento dei Mercedari, Ordine per il quale lavor\u00f2 a lungo, cos\u00ec come i dipinti per la pala d&#8217;altare della chiesa di San Ildefonso. Alla morte di Santa Rosa da Lima, nel 1617, Medoro fu chiamato a ritrarla. Del dipinto, venerato nel santuario di Santa Rosa, esistono numerose varianti realizzate da artisti locali. Questi ultimi svilupparono la scuola di pittura cuschegna del diciassettesimo secolo. Nel 1618 Medoro dipinse per il convento di Sant&#8217;Agostino di Lima una <em>Immacolata Concezione<\/em>, circondata dalle rappresentazioni delle litanie, la cui iconografia ebbe una grande diffusione nel vicereame peruviano. Sull&#8217;antiporta della chiesa di San Francisco di Lima c&#8217;\u00e8 un suo trittico della <em>Passione<\/em>. Gli si attribuisce pure un <em>San Bonaventura<\/em>, sulla porta dello stesso convento. Il gruppo pi\u00f9 consistente di suoi dipinti si trova nel convento dei Francescani di Lima. Medoro ritorn\u00f2 in Spagna dopo il 1620. Si conosce poco della sua seconda permanenza nella penisola iberica, a parte un dipinto datato 1627 e il testamento che stese a Siviglia nel 1631, motivo per cui si suppone sia morto in questa citt\u00e0 poco tempo dopo.<\/p>\n<p style=\"text-align: justify\">Attraverso le opere di <a href=\"\/territori\/percorsi-trans-nazionali\/il-barocco-andino\/bernardo-bitti\/\" title=\"Bernardo Bitti\">Bernardo Bitti<\/a>, <a href=\"\/territori\/percorsi-trans-nazionali\/il-barocco-andino\/matteo-perez-de-alessio\/\" title=\"Matteo P\u00e9rez de Alessio\">Matteo P\u00e9rez de Alessio<\/a> e Angelino Medoro, il manierismo italiano tardo rinascimentale ebbe dunque un&#8217;influenza molto forte sull&#8217;arte coloniale andina. (immagine: Angelino Medoro, <em><span class=\"irc_su\" style=\"text-align: left\">La Virgen con el Ni\u00f1o, San Francisco y Santa Clara<\/span><\/em><span class=\"irc_su\" style=\"text-align: left\">).<\/span><\/p>\n<p style=\"text-align: justify\"><a href=\"\/territori\/percorsi-trans-nazionali\/il-barocco-andino\/matteo-perez-de-alessio\/\" title=\"Matteo P\u00e9rez de Alessio\">&lt;&lt;&lt;&#8212;pagina precedente<\/a> &nbsp; <a href=\"\/territori\/percorsi-trans-nazionali\/il-barocco-andino\/lo-stile-mestizo-del-barocco-andino\/\" title=\"Lo stile mestizo del Barocco andino\">pagina seguente&#8212;&gt;&gt;&gt;<\/a><\/p>\n<p style=\"text-align: justify\">&nbsp;<\/p>\n<\/div>\n<p><\/p>\n","protected":false},"excerpt":{"rendered":"<p>Il manierismo e l&#8217;influenza italiana nel vicereame del Per\u00f9: Angelino Medoro Angelino Medoro nacque a Napoli attorno al 1565. Formatosi artisticamente in Italia, dove firmava i suoi quadri come &#8220;Romano pittore&#8221;, si rec\u00f2 in data sconosciuta a Siviglia, dove si conserva una Flagellazione di Cristo.&hellip;<\/p>\n","protected":false},"author":1,"featured_media":0,"parent":6983,"menu_order":0,"comment_status":"closed","ping_status":"closed","template":"","meta":{"footnotes":""},"class_list":["post-6084","page","type-page","status-publish","hentry"],"_links":{"self":[{"href":"https:\/\/digitalhistory.unite.it\/es\/wp-json\/wp\/v2\/pages\/6084","targetHints":{"allow":["GET"]}}],"collection":[{"href":"https:\/\/digitalhistory.unite.it\/es\/wp-json\/wp\/v2\/pages"}],"about":[{"href":"https:\/\/digitalhistory.unite.it\/es\/wp-json\/wp\/v2\/types\/page"}],"author":[{"embeddable":true,"href":"https:\/\/digitalhistory.unite.it\/es\/wp-json\/wp\/v2\/users\/1"}],"replies":[{"embeddable":true,"href":"https:\/\/digitalhistory.unite.it\/es\/wp-json\/wp\/v2\/comments?post=6084"}],"version-history":[{"count":3,"href":"https:\/\/digitalhistory.unite.it\/es\/wp-json\/wp\/v2\/pages\/6084\/revisions"}],"predecessor-version":[{"id":10873,"href":"https:\/\/digitalhistory.unite.it\/es\/wp-json\/wp\/v2\/pages\/6084\/revisions\/10873"}],"up":[{"embeddable":true,"href":"https:\/\/digitalhistory.unite.it\/es\/wp-json\/wp\/v2\/pages\/6983"}],"wp:attachment":[{"href":"https:\/\/digitalhistory.unite.it\/es\/wp-json\/wp\/v2\/media?parent=6084"}],"curies":[{"name":"wp","href":"https:\/\/api.w.org\/{rel}","templated":true}]}}

Il manierismo e l&#8217;influenza italiana nel vicereame del Perù: Angelino Medoro

<h1>Il manierismo e l&#8217;influenza italiana nel vicereame del Perù: Angelino Medoro </h1>
<div class="testo">
<p style="text-align: justify"><img loading="lazy" decoding="async" src="https://digitalhistory.unite.it/wp-content/uploads/2021/08/medoro__virgen_con_el_ni_o_entre_san_francisco_y_santa_clara_252x341.jpg" width="252" height="341" alt="Medoro, Virgen con el nino" align="left">Angelino Medoro nacque a <a href="/territori/percorsi-regionali/il-barocco-in-provincia-de-laquila/bugnara/napoli/" title="Napoli">Napoli</a> attorno al 1565. Formatosi artisticamente in Italia, dove firmava i suoi quadri come &#8220;Romano pittore&#8221;, si recò in data sconosciuta a <a href="/temi/feste-e-rituali/i-giganti-in-spagna/siviglia/" title="Siviglia">Siviglia</a>, dove si conserva una <em>Flagellazione di Cristo</em>. Dal 1586 era a Santa Fe de Bogotà, dove ha lasciato una produzione abbondante, così come in altre località dell&#8217;attuale Colombia. Nel 1592 si trasferì a Quito, dove lavorò per i <a href="/territori/percorsi-urbani/lecce-la-citta-simbolo-del-barocco/zimbalo/domenicani/" title="Domenicani">Domenicani</a> ed ebbe tra i suoi allievi alcuni degli iniziatori della scuola pittorica di Quito. Nel 1600 passò a Lima, dove lavorò a lungo per vari <a href="/territori/percorsi-urbani/lecce-la-citta-simbolo-del-barocco/piazza-santoronzo/ordini-religiosi/" title="Ordini religiosi">Ordini religiosi</a>. Tra le numerose opere, a Lima c&#8217;era una grande tela, oggi scomparsa, <em>Nuestra Señora de la Merced</em>, dipinta per il refettorio del convento dei Mercedari, Ordine per il quale lavorò a lungo, così come i dipinti per la pala d&#8217;altare della chiesa di San Ildefonso. Alla morte di Santa Rosa da Lima, nel 1617, Medoro fu chiamato a ritrarla. Del dipinto, venerato nel santuario di Santa Rosa, esistono numerose varianti realizzate da artisti locali. Questi ultimi svilupparono la scuola di pittura cuschegna del diciassettesimo secolo. Nel 1618 Medoro dipinse per il convento di Sant&#8217;Agostino di Lima una <em>Immacolata Concezione</em>, circondata dalle rappresentazioni delle litanie, la cui iconografia ebbe una grande diffusione nel vicereame peruviano. Sull&#8217;antiporta della chiesa di San Francisco di Lima c&#8217;è un suo trittico della <em>Passione</em>. Gli si attribuisce pure un <em>San Bonaventura</em>, sulla porta dello stesso convento. Il gruppo più consistente di suoi dipinti si trova nel convento dei Francescani di Lima. Medoro ritornò in Spagna dopo il 1620. Si conosce poco della sua seconda permanenza nella penisola iberica, a parte un dipinto datato 1627 e il testamento che stese a Siviglia nel 1631, motivo per cui si suppone sia morto in questa città poco tempo dopo.</p>
<p style="text-align: justify">Attraverso le opere di <a href="/territori/percorsi-trans-nazionali/il-barocco-andino/bernardo-bitti/" title="Bernardo Bitti">Bernardo Bitti</a>, <a href="/territori/percorsi-trans-nazionali/il-barocco-andino/matteo-perez-de-alessio/" title="Matteo Pérez de Alessio">Matteo Pérez de Alessio</a> e Angelino Medoro, il manierismo italiano tardo rinascimentale ebbe dunque un&#8217;influenza molto forte sull&#8217;arte coloniale andina. (immagine: Angelino Medoro, <em><span class="irc_su" style="text-align: left">La Virgen con el Niño, San Francisco y Santa Clara</span></em><span class="irc_su" style="text-align: left">).</span></p>
<p style="text-align: justify"><a href="/territori/percorsi-trans-nazionali/il-barocco-andino/matteo-perez-de-alessio/" title="Matteo Pérez de Alessio">&lt;&lt;&lt;&#8212;pagina precedente</a> &nbsp; <a href="/territori/percorsi-trans-nazionali/il-barocco-andino/lo-stile-mestizo-del-barocco-andino/" title="Lo stile mestizo del Barocco andino">pagina seguente&#8212;&gt;&gt;&gt;</a></p>
<p style="text-align: justify">&nbsp;</p>
</div>
<p></p>

<p>Il manierismo e l&#8217;influenza italiana nel vicereame del Perù: Angelino Medoro Angelino Medoro nacque a Napoli attorno al 1565. Formatosi artisticamente in Italia, dove firmava i suoi quadri come &#8220;Romano pittore&#8221;, si recò in data sconosciuta a Siviglia, dove si conserva una Flagellazione di Cristo.&hellip;</p>
