{"id":6151,"date":"2021-08-19T22:03:04","date_gmt":"2021-08-19T20:03:04","guid":{"rendered":"https:\/\/digitalhistory.unite.it\/vasto-il-palazzo\/"},"modified":"2021-11-23T15:26:32","modified_gmt":"2021-11-23T14:26:32","slug":"vasto-il-palazzo","status":"publish","type":"page","link":"https:\/\/digitalhistory.unite.it\/es\/temi\/dimore-nobiliari\/davalos\/vasto-il-palazzo\/","title":{"rendered":"Vasto: la capitale dello Stato feudale dei d&#8217;Avalos. Il Palazzo"},"content":{"rendered":"<h1>Vasto: la capitale dello Stato feudale dei d&#8217;Avalos. Il Palazzo <\/h1>\n<div class=\"testo\">\n<p style=\"text-align: justify\">La citt\u00e0 del Vasto, dal 1497, venne infeudata a Innico II d&#8217;Avalos, che ne divenne il I signore con il titolo di marchese, e rimase alla famiglia fino all&#8217;abolizione della feudalit\u00e0 (1806). La cittadina abruzzese presto divenne il centro della vita politica ed economica della famiglia: qui, infatti, era concentrata la loro attivit\u00e0 di esportazione del grano e di altri prodotti della terra, sia sotto le forme lecite della tratta del grano, sia con la cospicua e redditizia attivit\u00e0 di contrabbando. Solo a partire dagli anni Trenta del Settecento, i d&#8217;Avalos si stanziarono stabilmente a <a href=\"\/territori\/percorsi-regionali\/il-barocco-in-provincia-de-laquila\/bugnara\/napoli\/\" title=\"Napoli\">Napoli<\/a>, decretando la decadenza del loro sontuoso palazzo vastese.<\/p>\n<p style=\"text-align: justify\"><img loading=\"lazy\" decoding=\"async\" src=\"https:\/\/digitalhistory.unite.it\/wp-content\/uploads\/2021\/08\/palazzo_vasto_251x199.jpg\" width=\"251\" height=\"199\" alt=\"Palazzo Vasto\" align=\"left\">Situato in Piazza Pudente, Palazzo d&#8217;Avalos \u00e8 costruito sui resti di un edificio del XIV secolo. Si tratta di una struttura originaria del Trecento, di cui conserva diversi dettagli decorativi: ne \u00e8 una testimonianza una splendida bifora. Dopo il periodo angioino, che lasci\u00f2 tracce profonde nella sua struttura, il palazzo venne ingrandito dal Caldora, allora feudatario della zona, nel 1427. Passata ai d&#8217;Avalos, Vasto divenne il cuore del loro potere e il palazzo il centro della loro <a href=\"\/territori\/percorsi-regionali\/le-plazas-mayores-spagnole-e-il-barocco\/la-plaza-mayor-di-madrid\/corte\/\" title=\"Corte\">corte<\/a>. Qui risiedette anche <a href=\"\/temi\/dimore-nobiliari\/davalos\/vasto-il-palazzo\/vittoria-colonna\/\" title=\"Vittoria Colonna\">Vittoria Colonna<\/a>, sposa di <a href=\"\/temi\/dimore-nobiliari\/davalos\/vasto-il-palazzo\/fernando-francesco-davalos\/\" title=\"Fernando Francesco d'Avalos\">Fernando (Ferrante) Francesco d&#8217;Avalos<\/a>. Nel 1566 l&#8217;edificio fu incendiato dai turchi, guidati dal famoso Pialy Pasci\u00e0; del palazzo rimasero in piedi solo i muri perimetrali, ma nello stesso anno i d&#8217;Avalos diedero inizio al suo restauro. A dirigere i lavori fu chiamato Fra&#8217; Valerio De Santis, <a href=\"\/territori\/percorsi-urbani\/lecce-la-citta-simbolo-del-barocco\/zimbalo\/domenicani\/\" title=\"Domenicani\">conventuale di San Domenico<\/a>. La riedificazione comport\u00f2 alcune modifiche: il cortile divenne pi\u00f9 razionale con l&#8217;aggiunta d\u00ec un portico (oggi tre delle quattro arcate sono chiuse), mentre a levante fu realizzata una spaziosa terrazza per gli appartamenti marchesali. Agli interventi promossi dai d&#8217;Avalos si deve l&#8217;edificazione a fianco del palazzo di uno splendido <a href=\"\/territori\/percorsi-regionali\/ville-e-giardini-nella-lombardia-barocca\/le-ville-di-campagna-e-il-giardino-allitaliana\/\" title=\"Le ville di campagna e il giardino all'italiana\">giardino di impronta barocca<\/a>, affacciato sul mare, che si raggiunge dopo aver attraversato il cortile posto all&#8217;entrata dell&#8217;edificio. Tra siepi di bosso e cespugli di rose si ergono gli alberi d&#8217;arancio, la lavanda, il rosmarino, la salvia, la vite americana, il gelsomino, il geranio, la buganvillea; il verde si configura come una croce attraversata da vialetti ortogonali coperti da un pergolato appoggiato su colonne in muratura: modello comune a molti giardini e chiostri napoletani d&#8217;et\u00e0 barocca. In passato c&#8217;era persino un padiglione sorretto da colonne abbinato a due fontane ornamentali, oggi non pi\u00f9 esistenti; rimangono il pozzo e le panchine in maiolica. Dopo aver percorso il vialetto che costeggia il muro del palazzo dove sono sistemati tra le piante lapidi e reperti archeologici di questo e di altri edifici, si raggiunge il terrazzo panoramico. Il palazzo divenne il centro della vita di corte che ruotava intorno ai d&#8217;Avalos, soprattutto tra la fine del XVII e gli inizi del XVIII secolo, grazie a Cesare Michelangelo d&#8217;Avalos. Ricchissima la quadreria presente nel palazzo, e oggi andata dispersa, che contemplava, tra gli altri, opere di <a href=\"#\" class=\"tooltip yellow-tooltip\">Federico Barocci<span>Federico Barocci o Federico Fiori detto il Baroccio (1535-1612) \u00e8 stato un pittore nativo di Urbino, esponente del Manierismo ma allo stesso tempo precursore del Barocco. Inizi\u00f2 la sua carriera a Roma, sotto l&#8217;ispirazione di Raffaello, ma torn\u00f2 a Urbino nel 1565, dove avrebbe vissuto fino alla morte salvo brevi periodi presso vari committenti italiani.<\/span><\/a>, <a href=\"\/territori\/percorsi-urbani\/la-napoli-di-ascanio-filomarino\/un-ambizioso-prelato\/annibale-carracci\/\" title=\"Annibale Carracci\">Annibale Carracci<\/a>, <a href=\"\/territori\/percorsi-trans-nazionali\/pittura-barocca\/velazquez-in-italia\/ribera\/\" title=\"Ribera\">lo Spagnoletto<\/a>, <a href=\"\/temi\/dimore-nobiliari\/davalos\/vasto-il-palazzo\/albrecht-duerer\/\" title=\"Albrecht D\u00fcrer\">Albrecht <span>D\u00fcrer<\/span><\/a>, <a href=\"\/territori\/percorsi-trans-nazionali\/pittura-barocca\/giordano\/giordano\/\" title=\"Giordano\">Luca Giordano<\/a>, <a href=\"\/territori\/percorsi-urbani\/la-napoli-di-ascanio-filomarino\/un-ambizioso-prelato\/guido-reni\/\" title=\"Guido Reni\">Guido Reni<\/a>, <a href=\"\/territori\/percorsi-regionali\/ville-e-giardini-nella-lombardia-barocca\/isola-bella-borromeo-e-il-suo-palazzo\/salvatore-rosa\/\" title=\"Salvatore Rosa\">Salvator Rosa<\/a>, <a href=\"\/territori\/percorsi-trans-nazionali\/pittura-barocca\/velazquez-in-italia\/rubens\/\" title=\"Rubens\">Pieter Paul Rubens<\/a>, <a href=\"\/territori\/percorsi-regionali\/ville-e-giardini-nella-lombardia-barocca\/isola-bella-borromeo-e-il-suo-palazzo\/tiziano\/\" title=\"Tiziano\">Tiziano<\/a> e il <a href=\"#\" class=\"tooltip yellow-tooltip\">Veronese<span>Paolo Caliari detto il Veronese (1528-1588) fu un pittore rinascimentale. La sua formazione risent\u00ec dell&#8217;arte del Parmigianino e del classicimo romano, mentre a Venezia sub\u00ec l&#8217;influenza di Tiziano e del Tintoretto. Nella sua produzione spiccano ritratti, quadri sacri, scene mitologiche e cicli affrescati come quello di Villa Barbaro a Maser, nel Trevigiano.<\/span><\/a>. Nel piccolo teatro privato interno al palazzo venivano rappresentate opere teatrali importanti e &#8216;moderne&#8217;, e grande cura era riservata, inoltre, alla ricca biblioteca. Attualmente il palazzo \u00e8 sede del Museo Archeologico e della Pinacoteca, che contiene un settore dedicato alla pittura contemporanea ed in particolare a quella dell&#8217;Ottocento, in cui si possono ammirare opere di Filippo Palizzi, Valerio Laccetti, Francesco Paolo Michetti e Giulio Aristide Santoro, tutti artisti abruzzesi.<\/p>\n<p><a href=\"\/temi\/dimore-nobiliari\/davalos\/la-famiglia-davalos\/\" title=\"La famiglia d'Avalos\">&lt;&lt;&lt;&#8212;pagina precedente<\/a> &nbsp; <a href=\"\/temi\/dimore-nobiliari\/davalos\/vasto-altro\/\" title=\"Vasto. Altro\">pagina seguente&#8212;&gt;&gt;&gt;<\/a><\/p>\n<\/div>\n<p><\/p>\n","protected":false},"excerpt":{"rendered":"<p>Vasto: la capitale dello Stato feudale dei d&#8217;Avalos. Il Palazzo La citt\u00e0 del Vasto, dal 1497, venne infeudata a Innico II d&#8217;Avalos, che ne divenne il I signore con il titolo di marchese, e rimase alla famiglia fino all&#8217;abolizione della feudalit\u00e0 (1806). La cittadina abruzzese&hellip;<\/p>\n","protected":false},"author":1,"featured_media":0,"parent":7000,"menu_order":0,"comment_status":"closed","ping_status":"closed","template":"","meta":{"footnotes":""},"class_list":["post-6151","page","type-page","status-publish","hentry"],"_links":{"self":[{"href":"https:\/\/digitalhistory.unite.it\/es\/wp-json\/wp\/v2\/pages\/6151","targetHints":{"allow":["GET"]}}],"collection":[{"href":"https:\/\/digitalhistory.unite.it\/es\/wp-json\/wp\/v2\/pages"}],"about":[{"href":"https:\/\/digitalhistory.unite.it\/es\/wp-json\/wp\/v2\/types\/page"}],"author":[{"embeddable":true,"href":"https:\/\/digitalhistory.unite.it\/es\/wp-json\/wp\/v2\/users\/1"}],"replies":[{"embeddable":true,"href":"https:\/\/digitalhistory.unite.it\/es\/wp-json\/wp\/v2\/comments?post=6151"}],"version-history":[{"count":3,"href":"https:\/\/digitalhistory.unite.it\/es\/wp-json\/wp\/v2\/pages\/6151\/revisions"}],"predecessor-version":[{"id":10429,"href":"https:\/\/digitalhistory.unite.it\/es\/wp-json\/wp\/v2\/pages\/6151\/revisions\/10429"}],"up":[{"embeddable":true,"href":"https:\/\/digitalhistory.unite.it\/es\/wp-json\/wp\/v2\/pages\/7000"}],"wp:attachment":[{"href":"https:\/\/digitalhistory.unite.it\/es\/wp-json\/wp\/v2\/media?parent=6151"}],"curies":[{"name":"wp","href":"https:\/\/api.w.org\/{rel}","templated":true}]}}

<h1>Vasto: la capitale dello Stato feudale dei d&#8217;Avalos. Il Palazzo </h1>
<div class="testo">
<p style="text-align: justify">La città del Vasto, dal 1497, venne infeudata a Innico II d&#8217;Avalos, che ne divenne il I signore con il titolo di marchese, e rimase alla famiglia fino all&#8217;abolizione della feudalità (1806). La cittadina abruzzese presto divenne il centro della vita politica ed economica della famiglia: qui, infatti, era concentrata la loro attività di esportazione del grano e di altri prodotti della terra, sia sotto le forme lecite della tratta del grano, sia con la cospicua e redditizia attività di contrabbando. Solo a partire dagli anni Trenta del Settecento, i d&#8217;Avalos si stanziarono stabilmente a <a href="/territori/percorsi-regionali/il-barocco-in-provincia-de-laquila/bugnara/napoli/" title="Napoli">Napoli</a>, decretando la decadenza del loro sontuoso palazzo vastese.</p>
<p style="text-align: justify"><img loading="lazy" decoding="async" src="https://digitalhistory.unite.it/wp-content/uploads/2021/08/palazzo_vasto_251x199.jpg" width="251" height="199" alt="Palazzo Vasto" align="left">Situato in Piazza Pudente, Palazzo d&#8217;Avalos è costruito sui resti di un edificio del XIV secolo. Si tratta di una struttura originaria del Trecento, di cui conserva diversi dettagli decorativi: ne è una testimonianza una splendida bifora. Dopo il periodo angioino, che lasciò tracce profonde nella sua struttura, il palazzo venne ingrandito dal Caldora, allora feudatario della zona, nel 1427. Passata ai d&#8217;Avalos, Vasto divenne il cuore del loro potere e il palazzo il centro della loro <a href="/territori/percorsi-regionali/le-plazas-mayores-spagnole-e-il-barocco/la-plaza-mayor-di-madrid/corte/" title="Corte">corte</a>. Qui risiedette anche <a href="/temi/dimore-nobiliari/davalos/vasto-il-palazzo/vittoria-colonna/" title="Vittoria Colonna">Vittoria Colonna</a>, sposa di <a href="/temi/dimore-nobiliari/davalos/vasto-il-palazzo/fernando-francesco-davalos/" title="Fernando Francesco d'Avalos">Fernando (Ferrante) Francesco d&#8217;Avalos</a>. Nel 1566 l&#8217;edificio fu incendiato dai turchi, guidati dal famoso Pialy Pascià; del palazzo rimasero in piedi solo i muri perimetrali, ma nello stesso anno i d&#8217;Avalos diedero inizio al suo restauro. A dirigere i lavori fu chiamato Fra&#8217; Valerio De Santis, <a href="/territori/percorsi-urbani/lecce-la-citta-simbolo-del-barocco/zimbalo/domenicani/" title="Domenicani">conventuale di San Domenico</a>. La riedificazione comportò alcune modifiche: il cortile divenne più razionale con l&#8217;aggiunta dì un portico (oggi tre delle quattro arcate sono chiuse), mentre a levante fu realizzata una spaziosa terrazza per gli appartamenti marchesali. Agli interventi promossi dai d&#8217;Avalos si deve l&#8217;edificazione a fianco del palazzo di uno splendido <a href="/territori/percorsi-regionali/ville-e-giardini-nella-lombardia-barocca/le-ville-di-campagna-e-il-giardino-allitaliana/" title="Le ville di campagna e il giardino all'italiana">giardino di impronta barocca</a>, affacciato sul mare, che si raggiunge dopo aver attraversato il cortile posto all&#8217;entrata dell&#8217;edificio. Tra siepi di bosso e cespugli di rose si ergono gli alberi d&#8217;arancio, la lavanda, il rosmarino, la salvia, la vite americana, il gelsomino, il geranio, la buganvillea; il verde si configura come una croce attraversata da vialetti ortogonali coperti da un pergolato appoggiato su colonne in muratura: modello comune a molti giardini e chiostri napoletani d&#8217;età barocca. In passato c&#8217;era persino un padiglione sorretto da colonne abbinato a due fontane ornamentali, oggi non più esistenti; rimangono il pozzo e le panchine in maiolica. Dopo aver percorso il vialetto che costeggia il muro del palazzo dove sono sistemati tra le piante lapidi e reperti archeologici di questo e di altri edifici, si raggiunge il terrazzo panoramico. Il palazzo divenne il centro della vita di corte che ruotava intorno ai d&#8217;Avalos, soprattutto tra la fine del XVII e gli inizi del XVIII secolo, grazie a Cesare Michelangelo d&#8217;Avalos. Ricchissima la quadreria presente nel palazzo, e oggi andata dispersa, che contemplava, tra gli altri, opere di <a href="#" class="tooltip yellow-tooltip">Federico Barocci<span>Federico Barocci o Federico Fiori detto il Baroccio (1535-1612) è stato un pittore nativo di Urbino, esponente del Manierismo ma allo stesso tempo precursore del Barocco. Iniziò la sua carriera a Roma, sotto l&#8217;ispirazione di Raffaello, ma tornò a Urbino nel 1565, dove avrebbe vissuto fino alla morte salvo brevi periodi presso vari committenti italiani.</span></a>, <a href="/territori/percorsi-urbani/la-napoli-di-ascanio-filomarino/un-ambizioso-prelato/annibale-carracci/" title="Annibale Carracci">Annibale Carracci</a>, <a href="/territori/percorsi-trans-nazionali/pittura-barocca/velazquez-in-italia/ribera/" title="Ribera">lo Spagnoletto</a>, <a href="/temi/dimore-nobiliari/davalos/vasto-il-palazzo/albrecht-duerer/" title="Albrecht Dürer">Albrecht <span>Dürer</span></a>, <a href="/territori/percorsi-trans-nazionali/pittura-barocca/giordano/giordano/" title="Giordano">Luca Giordano</a>, <a href="/territori/percorsi-urbani/la-napoli-di-ascanio-filomarino/un-ambizioso-prelato/guido-reni/" title="Guido Reni">Guido Reni</a>, <a href="/territori/percorsi-regionali/ville-e-giardini-nella-lombardia-barocca/isola-bella-borromeo-e-il-suo-palazzo/salvatore-rosa/" title="Salvatore Rosa">Salvator Rosa</a>, <a href="/territori/percorsi-trans-nazionali/pittura-barocca/velazquez-in-italia/rubens/" title="Rubens">Pieter Paul Rubens</a>, <a href="/territori/percorsi-regionali/ville-e-giardini-nella-lombardia-barocca/isola-bella-borromeo-e-il-suo-palazzo/tiziano/" title="Tiziano">Tiziano</a> e il <a href="#" class="tooltip yellow-tooltip">Veronese<span>Paolo Caliari detto il Veronese (1528-1588) fu un pittore rinascimentale. La sua formazione risentì dell&#8217;arte del Parmigianino e del classicimo romano, mentre a Venezia subì l&#8217;influenza di Tiziano e del Tintoretto. Nella sua produzione spiccano ritratti, quadri sacri, scene mitologiche e cicli affrescati come quello di Villa Barbaro a Maser, nel Trevigiano.</span></a>. Nel piccolo teatro privato interno al palazzo venivano rappresentate opere teatrali importanti e &#8216;moderne&#8217;, e grande cura era riservata, inoltre, alla ricca biblioteca. Attualmente il palazzo è sede del Museo Archeologico e della Pinacoteca, che contiene un settore dedicato alla pittura contemporanea ed in particolare a quella dell&#8217;Ottocento, in cui si possono ammirare opere di Filippo Palizzi, Valerio Laccetti, Francesco Paolo Michetti e Giulio Aristide Santoro, tutti artisti abruzzesi.</p>
<p><a href="/temi/dimore-nobiliari/davalos/la-famiglia-davalos/" title="La famiglia d'Avalos">&lt;&lt;&lt;&#8212;pagina precedente</a> &nbsp; <a href="/temi/dimore-nobiliari/davalos/vasto-altro/" title="Vasto. Altro">pagina seguente&#8212;&gt;&gt;&gt;</a></p>
</div>
<p></p>

<p>Vasto: la capitale dello Stato feudale dei d&#8217;Avalos. Il Palazzo La città del Vasto, dal 1497, venne infeudata a Innico II d&#8217;Avalos, che ne divenne il I signore con il titolo di marchese, e rimase alla famiglia fino all&#8217;abolizione della feudalità (1806). La cittadina abruzzese&hellip;</p>
