{"id":6668,"date":"2021-08-20T00:03:51","date_gmt":"2021-08-19T22:03:51","guid":{"rendered":"https:\/\/digitalhistory.unite.it\/catedral\/"},"modified":"2021-11-23T15:29:16","modified_gmt":"2021-11-23T14:29:16","slug":"catedral","status":"publish","type":"page","link":"https:\/\/digitalhistory.unite.it\/es\/territorios\/itinerarios-urbanos\/valladolid\/catedral\/","title":{"rendered":"La Catedral"},"content":{"rendered":"<h1>La Catedral <\/h1>\n<div class=\"testo\">\n<p style=\"text-align: justify\"><img loading=\"lazy\" decoding=\"async\" src=\"https:\/\/digitalhistory.unite.it\/wp-content\/uploads\/2021\/08\/img_0900_226x340.jpg\" width=\"226\" height=\"340\" alt=\"Cattedrale\" align=\"left\">La Catedral de <a href=\"\/es\/territorios\/itinerarios-urbanos\/valladolid\/iglesia-de-san-pablo\/valladolid\/\" title=\"Valladolid\">Valladolid<\/a> es uno de los ejemplos m\u00e1s singulares y conocidos del arte castellano de \u00e9poca moderna. Aunque el proyecto inicial de <a href=\"#\" class=\"tooltip yellow-tooltip\">Juan de Herrera<span>Juan de Herrera (1530-1597) fue uno de los arquitectos m\u00e1s importantes del Renacimiento espa\u00f1ol. Su obra principal fue el Monasterio de El Escorial, residencia construida por orden del rey Felipe II y terminada en 1584. Producciones tambi\u00e9n c\u00e9lebres de su maestr\u00eda fueron los proyectos de la Catedral de Valladolid y del Palacio Real de Aranjuez, edificios que fueron concluidos a la muerte del artista. Herrera fue tambi\u00e9n un estudioso de matem\u00e1ticas y geometr\u00eda.<\/span><\/a> estuvo claramente influenciado por el Renacimiento, la Catedral de Nuestra Se\u00f1ora de la Asunci\u00f3n qued\u00f3 inconclusa, siendo embellecida durante los siglos XVII y XVIII con las adiciones y modificaciones de estilo barroco.<\/p>\n<p style=\"text-align: justify\">En la ciudad se hab\u00edan construido en el siglo XI tres colegiatas, es decir, grandes Iglesias que no eran sedes episcopales (Valladolid depend\u00eda, de hecho, de la di\u00f3cesis de <a href=\"#\" class=\"tooltip yellow-tooltip\">Palencia<span>Perteneciente a la actual Comunidad Aut\u00f3noma de Castilla y Le\u00f3n, Palencia vivi\u00f3 su periodo de mayor esplendor en \u00e9poca medieval. Sede episcopal bajo los Visigodos, la ciudad fue sede de la universidad espa\u00f1ola m\u00e1s antigua, aprobada por el Papa Honorio III en 1221 pero desaparecida pocos decenios m\u00e1s tarde. En \u00e9poca Moderna sigui\u00f3 el destino de Castilla: centro del imperio de Carlos V y de la monarqu\u00eda de Felipe II, sin embargo, conoci\u00f3 una dura crisis en el transcurso del siglo XVII.<\/span><\/a>). Los trabajos para la construcci\u00f3n de la cuarta colegiata comenzaron en 1585, dirigidos por <a href=\"#\" class=\"tooltip yellow-tooltip\">Diego de Praves<span>Diego de Praves (1556-1620) fue un importante arquitecto espa\u00f1ol de la \u00c9poca moderna. Fue maestro mayor de la Catedral de Valladolid, adem\u00e1s de trabajar en numerosos monumentos significativos de la ciudad, como la Iglesia de Vera Cruz y el convento de las Descalzas Reales.<\/span><\/a> sobre el dise\u00f1o de Juan de Herrera. A petici\u00f3n de <a href=\"\/es\/territorios\/itinerarios-urbanos\/valladolid\/iglesia-de-san-pablo\/felipe-ii\/\" title=\"Felipe II\">Felipe II<\/a>, la colegiata fue elevada al rango de catedral y de sede episcopal en 1595, un a\u00f1o antes de que se le concediese a Valladolid el t\u00edtulo de ciudad. La falta de fondos y el traslado de la <a href=\"\/es\/territorios\/itinerarios-urbanos\/valladolid\/iglesia-de-san-pablo\/corte\/\" title=\"Corte\">corte<\/a> a <a href=\"\/es\/territorios\/itinerarios-urbanos\/valladolid\/iglesia-de-san-pablo\/madrid\/\" title=\"Madrid\">Madrid<\/a> en 1606 ralentizaron los trabajos de construcci\u00f3n de la catedral y el proyecto presentado por Herrera se hizo realidad s\u00f3lo a medias. El aspecto y la estructura t\u00edpicamente renacentista y clasicista se vieron afectadas en las d\u00e9cadas siguientes. De ello, la prueba m\u00e1s clara es la parte superior de la fachada principal, la que mira hacia el sur, que fue terminada en 1733 en estilo barroco por el propio arquitecto <a href=\"#\" class=\"tooltip yellow-tooltip\">Alberto de Churriguera<span>Alberto de Churriguera (1676-1750) pertenec\u00eda a la familia que mejor ha representado la arquitectura del barroco espa\u00f1ol. Maestro Mayor de la Catedral Nueva de Salamanca, en la misma ciudad dirigi\u00f3 la primera fase de las obras de la construcci\u00f3n de la Plaza Mayor. A menudo trabaj\u00f3 junto a sus hermanos y sobrinos, como por ejemplo en la catedral de Palencia, en la fachada de la catedral de Valladolid y en muchos otros proyectos, tambi\u00e9n en Madrid.<\/span><\/a>. La torre, que fue construida en el mismo per\u00edodo, se derrumb\u00f3 unas pocas d\u00e9cadas m\u00e1s tarde, despu\u00e9s del gran terremoto de 1755, mientras que la torre actual se remonta al a\u00f1o 1841 y difiere considerablemente del proyecto herreriano original. El interior de la catedral sigue el modelo de sobrio clasicismo herreriano, pero tambi\u00e9n en este caso no faltan los a\u00f1adidos barrocos. Destacan en este contexto, el retablo mayor proveniente de la cercana iglesia de Santa Mar\u00eda la Antigua, obra de <a href=\"#\" class=\"tooltip yellow-tooltip\">Juan de Juni<span>Juan de Juni (1506-1577) naci\u00f3 en Francia, pero vivi\u00f3 gran parte de su vida en Espa\u00f1a, y en particular en Valladolid. Junto a&nbsp;Alonso de Berruguete dio vida a la gran escuela de la escultura castellana, y hoy gran parte de sus obras se conservan en el Museo Nacional de Escultura y en el Museo Diocesano y Catedralicio de Valladolid. Realiz\u00f3 estatuas, retablos y elementos decorativos para fachadas y p\u00f3rticos, manejando diversos materiales, desde la madera a la piedra.<\/span><\/a>, y la siller\u00eda del coro que, sin embargo, proviene de la Iglesia de San Pablo, ambos conservados en la Capilla Mayor. En las otras capillas, destaca un cuadro de la <em>Transfiguraci\u00f3n<\/em> atribuido a <a href=\"\/es\/territorios\/itinerarios-urbanos\/valladolid\/catedral\/giordano\/\" title=\"Giordano\">Luca Giordano<\/a> (Capilla del \u00e1bside) y las estatuas funerarias de la familia Venero y Leyva (Capilla de San Jos\u00e9). En el interior de la catedral se encuentra tambi\u00e9n la sede del Museo Diocesano, que abri\u00f3 sus puertas en 1965.<\/p>\n<p style=\"text-align: justify\"><a href=\"\/es\/territorios\/itinerarios-urbanos\/valladolid\/universidad\/\" title=\"Universidad\">&lt;&lt;&lt;&#8212;p\u00e1gina precedente<\/a>&nbsp;&nbsp; <a href=\"\/es\/territorios\/itinerarios-urbanos\/valladolid\/iglesia-de-la-pasion\/\" title=\"Iglesia de la Pasi\u00f3n\">p\u00e1gina siguiente&#8212;&gt;&gt;&gt;<\/a><\/p>\n<\/p><\/div>\n<p><\/p>\n","protected":false},"excerpt":{"rendered":"<p>La Catedral La Catedral de Valladolid es uno de los ejemplos m\u00e1s singulares y conocidos del arte castellano de \u00e9poca moderna. Aunque el proyecto inicial de Juan de HerreraJuan de Herrera (1530-1597) fue uno de los arquitectos m\u00e1s importantes del Renacimiento espa\u00f1ol. Su obra principal&hellip;<\/p>\n","protected":false},"author":1,"featured_media":0,"parent":7504,"menu_order":0,"comment_status":"closed","ping_status":"closed","template":"","meta":{"footnotes":""},"class_list":["post-6668","page","type-page","status-publish","hentry"],"_links":{"self":[{"href":"https:\/\/digitalhistory.unite.it\/es\/wp-json\/wp\/v2\/pages\/6668","targetHints":{"allow":["GET"]}}],"collection":[{"href":"https:\/\/digitalhistory.unite.it\/es\/wp-json\/wp\/v2\/pages"}],"about":[{"href":"https:\/\/digitalhistory.unite.it\/es\/wp-json\/wp\/v2\/types\/page"}],"author":[{"embeddable":true,"href":"https:\/\/digitalhistory.unite.it\/es\/wp-json\/wp\/v2\/users\/1"}],"replies":[{"embeddable":true,"href":"https:\/\/digitalhistory.unite.it\/es\/wp-json\/wp\/v2\/comments?post=6668"}],"version-history":[{"count":2,"href":"https:\/\/digitalhistory.unite.it\/es\/wp-json\/wp\/v2\/pages\/6668\/revisions"}],"predecessor-version":[{"id":12189,"href":"https:\/\/digitalhistory.unite.it\/es\/wp-json\/wp\/v2\/pages\/6668\/revisions\/12189"}],"up":[{"embeddable":true,"href":"https:\/\/digitalhistory.unite.it\/es\/wp-json\/wp\/v2\/pages\/7504"}],"wp:attachment":[{"href":"https:\/\/digitalhistory.unite.it\/es\/wp-json\/wp\/v2\/media?parent=6668"}],"curies":[{"name":"wp","href":"https:\/\/api.w.org\/{rel}","templated":true}]}}

<h1>La Catedral </h1>
<div class="testo">
<p style="text-align: justify"><img loading="lazy" decoding="async" src="https://digitalhistory.unite.it/wp-content/uploads/2021/08/img_0900_226x340.jpg" width="226" height="340" alt="Cattedrale" align="left">La Catedral de <a href="/es/territorios/itinerarios-urbanos/valladolid/iglesia-de-san-pablo/valladolid/" title="Valladolid">Valladolid</a> es uno de los ejemplos más singulares y conocidos del arte castellano de época moderna. Aunque el proyecto inicial de <a href="#" class="tooltip yellow-tooltip">Juan de Herrera<span>Juan de Herrera (1530-1597) fue uno de los arquitectos más importantes del Renacimiento español. Su obra principal fue el Monasterio de El Escorial, residencia construida por orden del rey Felipe II y terminada en 1584. Producciones también célebres de su maestría fueron los proyectos de la Catedral de Valladolid y del Palacio Real de Aranjuez, edificios que fueron concluidos a la muerte del artista. Herrera fue también un estudioso de matemáticas y geometría.</span></a> estuvo claramente influenciado por el Renacimiento, la Catedral de Nuestra Señora de la Asunción quedó inconclusa, siendo embellecida durante los siglos XVII y XVIII con las adiciones y modificaciones de estilo barroco.</p>
<p style="text-align: justify">En la ciudad se habían construido en el siglo XI tres colegiatas, es decir, grandes Iglesias que no eran sedes episcopales (Valladolid dependía, de hecho, de la diócesis de <a href="#" class="tooltip yellow-tooltip">Palencia<span>Perteneciente a la actual Comunidad Autónoma de Castilla y León, Palencia vivió su periodo de mayor esplendor en época medieval. Sede episcopal bajo los Visigodos, la ciudad fue sede de la universidad española más antigua, aprobada por el Papa Honorio III en 1221 pero desaparecida pocos decenios más tarde. En época Moderna siguió el destino de Castilla: centro del imperio de Carlos V y de la monarquía de Felipe II, sin embargo, conoció una dura crisis en el transcurso del siglo XVII.</span></a>). Los trabajos para la construcción de la cuarta colegiata comenzaron en 1585, dirigidos por <a href="#" class="tooltip yellow-tooltip">Diego de Praves<span>Diego de Praves (1556-1620) fue un importante arquitecto español de la Época moderna. Fue maestro mayor de la Catedral de Valladolid, además de trabajar en numerosos monumentos significativos de la ciudad, como la Iglesia de Vera Cruz y el convento de las Descalzas Reales.</span></a> sobre el diseño de Juan de Herrera. A petición de <a href="/es/territorios/itinerarios-urbanos/valladolid/iglesia-de-san-pablo/felipe-ii/" title="Felipe II">Felipe II</a>, la colegiata fue elevada al rango de catedral y de sede episcopal en 1595, un año antes de que se le concediese a Valladolid el título de ciudad. La falta de fondos y el traslado de la <a href="/es/territorios/itinerarios-urbanos/valladolid/iglesia-de-san-pablo/corte/" title="Corte">corte</a> a <a href="/es/territorios/itinerarios-urbanos/valladolid/iglesia-de-san-pablo/madrid/" title="Madrid">Madrid</a> en 1606 ralentizaron los trabajos de construcción de la catedral y el proyecto presentado por Herrera se hizo realidad sólo a medias. El aspecto y la estructura típicamente renacentista y clasicista se vieron afectadas en las décadas siguientes. De ello, la prueba más clara es la parte superior de la fachada principal, la que mira hacia el sur, que fue terminada en 1733 en estilo barroco por el propio arquitecto <a href="#" class="tooltip yellow-tooltip">Alberto de Churriguera<span>Alberto de Churriguera (1676-1750) pertenecía a la familia que mejor ha representado la arquitectura del barroco español. Maestro Mayor de la Catedral Nueva de Salamanca, en la misma ciudad dirigió la primera fase de las obras de la construcción de la Plaza Mayor. A menudo trabajó junto a sus hermanos y sobrinos, como por ejemplo en la catedral de Palencia, en la fachada de la catedral de Valladolid y en muchos otros proyectos, también en Madrid.</span></a>. La torre, que fue construida en el mismo período, se derrumbó unas pocas décadas más tarde, después del gran terremoto de 1755, mientras que la torre actual se remonta al año 1841 y difiere considerablemente del proyecto herreriano original. El interior de la catedral sigue el modelo de sobrio clasicismo herreriano, pero también en este caso no faltan los añadidos barrocos. Destacan en este contexto, el retablo mayor proveniente de la cercana iglesia de Santa María la Antigua, obra de <a href="#" class="tooltip yellow-tooltip">Juan de Juni<span>Juan de Juni (1506-1577) nació en Francia, pero vivió gran parte de su vida en España, y en particular en Valladolid. Junto a&nbsp;Alonso de Berruguete dio vida a la gran escuela de la escultura castellana, y hoy gran parte de sus obras se conservan en el Museo Nacional de Escultura y en el Museo Diocesano y Catedralicio de Valladolid. Realizó estatuas, retablos y elementos decorativos para fachadas y pórticos, manejando diversos materiales, desde la madera a la piedra.</span></a>, y la sillería del coro que, sin embargo, proviene de la Iglesia de San Pablo, ambos conservados en la Capilla Mayor. En las otras capillas, destaca un cuadro de la <em>Transfiguración</em> atribuido a <a href="/es/territorios/itinerarios-urbanos/valladolid/catedral/giordano/" title="Giordano">Luca Giordano</a> (Capilla del ábside) y las estatuas funerarias de la familia Venero y Leyva (Capilla de San José). En el interior de la catedral se encuentra también la sede del Museo Diocesano, que abrió sus puertas en 1965.</p>
<p style="text-align: justify"><a href="/es/territorios/itinerarios-urbanos/valladolid/universidad/" title="Universidad">&lt;&lt;&lt;&#8212;página precedente</a>&nbsp;&nbsp; <a href="/es/territorios/itinerarios-urbanos/valladolid/iglesia-de-la-pasion/" title="Iglesia de la Pasión">página siguiente&#8212;&gt;&gt;&gt;</a></p>
</p></div>
<p></p>

<p>La Catedral La Catedral de Valladolid es uno de los ejemplos más singulares y conocidos del arte castellano de época moderna. Aunque el proyecto inicial de Juan de HerreraJuan de Herrera (1530-1597) fue uno de los arquitectos más importantes del Renacimiento español. Su obra principal&hellip;</p>
