{"id":6681,"date":"2021-08-20T00:03:52","date_gmt":"2021-08-19T22:03:52","guid":{"rendered":"https:\/\/digitalhistory.unite.it\/fiestas-barrocas-de-lerma\/"},"modified":"2021-11-23T15:29:01","modified_gmt":"2021-11-23T14:29:01","slug":"fiestas-barrocas-de-lerma","status":"publish","type":"page","link":"https:\/\/digitalhistory.unite.it\/es\/territorios\/itinerarios-regionales\/duque-de-lerma\/fiestas-barrocas-de-lerma\/","title":{"rendered":"Las fiestas barrocas en honor a la corte del duque de Lerma"},"content":{"rendered":"<h1>Las fiestas barrocas en honor a la corte del duque de Lerma <\/h1>\n<div class=\"testo\">\n<p style=\"text-align: justify\">Cada a\u00f1o, a principios del mes de Agosto, se celebran en la ciudad de <a href=\"\/es\/territorios\/itinerarios-regionales\/duque-de-lerma\/lerma\/lerma\/\" title=\"Lerma\">Lerma<\/a> las fiestas barrocas en recuerdo al I duque de Lerma y a la ciudad que un d\u00eda fue la residencia del valido de <a href=\"\/es\/territorios\/itinerarios-urbanos\/valladolid\/iglesia-de-san-pablo\/felipe-iii\/\" title=\"Felipe III\">Felipe III<\/a>. En esta celebraci\u00f3n, los ciudadanos se disfrazan para dar vida a una fiesta en honor al favorito del rey que, a principios del siglo XVII, remodel\u00f3 la ciudad y le dio el aspecto barroco y grandioso que hoy asombra al viajero.<\/p>\n<p style=\"text-align: justify\">Lo m\u00e1s se\u00f1alado de la fiesta es un desfile que comienza en el arco de la c\u00e1rcel de la ciudad de Lerma (hoy puerta de entrada a la ciudad) y acaba en el palacio ducal. En esta procesi\u00f3n se representa una historia que va del caos del mundo a lo m\u00e1s refinado y culto de la <a href=\"\/es\/territorios\/itinerarios-urbanos\/valladolid\/iglesia-de-san-pablo\/corte\/\" title=\"Corte\">corte<\/a>: primero arrancan el desfile, en un ambiente de fuego y humo, los demonios, los faunos, las criaturas del submundo, que traen el desorden y el miedo a la ciudad de Lerma. A continuaci\u00f3n les sigue el pueblo llano vestidos de \u00e9poca barroca; artesanos, agricultores con sus cestas y carros de trigo, criadas, lavanderas, etc., que van cantando y tocando instrumentos antiguos. Seguidamente, lo m\u00e1s llamativo, la corte barroca del duque de Lerma, por parejas, a quien acompa\u00f1a una m\u00fasica refinada y culta, al mismo tiempo que la aristocracia baila con movimientos acompasados llenos de elegancia. Cierran el desfile los cabezudos, que representan a los cortesanos, vestidos con el h\u00e1bito de Santiago a modo de burla de ese mundo cortesano lleno de enga\u00f1o y disimulo, y finalmente los gigantes de distintas religiones y razas.<\/p>\n<p style=\"text-align: justify\">Al llegar al Palacio Ducal de Lerma (hoy un reconstruido parador nacional), los duques de Lerma, vestidos con sus mejores galas, salen de su residencia a recibir a la corte. Ante los duques, a quienes saludan con gran reverencia, la aristocracia realiza una serie de bailes en grupo mostrando la celebraci\u00f3n de la fiesta en honor al duque de Lerma.<\/p>\n<p style=\"text-align: justify\"><a href=\"\/es\/territorios\/itinerarios-regionales\/duque-de-lerma\/la-plaza-mayor-de-madrid\/\" title=\"La Plaza Mayor de Madrid\">&lt;&lt;&lt;&#8212;p\u00e1gina precedente<\/a><span>&nbsp;&nbsp;&nbsp;<\/span> <span>&nbsp;<\/span> <a href=\"\/es\/territorios\/itinerarios-regionales\/\" title=\"Itinerarios regionales\">\u00cdndice&#8212;&gt;&gt;&gt;<\/a><a href=\"\/es\/territorios\/itinerarios-regionales\/\" title=\"Itinerarios regionales\"><\/a><\/p>\n<\/p><\/div>\n<p><\/p>\n","protected":false},"excerpt":{"rendered":"<p>Las fiestas barrocas en honor a la corte del duque de Lerma Cada a\u00f1o, a principios del mes de Agosto, se celebran en la ciudad de Lerma las fiestas barrocas en recuerdo al I duque de Lerma y a la ciudad que un d\u00eda fue&hellip;<\/p>\n","protected":false},"author":1,"featured_media":0,"parent":7520,"menu_order":0,"comment_status":"closed","ping_status":"closed","template":"","meta":{"footnotes":""},"class_list":["post-6681","page","type-page","status-publish","hentry"],"_links":{"self":[{"href":"https:\/\/digitalhistory.unite.it\/es\/wp-json\/wp\/v2\/pages\/6681","targetHints":{"allow":["GET"]}}],"collection":[{"href":"https:\/\/digitalhistory.unite.it\/es\/wp-json\/wp\/v2\/pages"}],"about":[{"href":"https:\/\/digitalhistory.unite.it\/es\/wp-json\/wp\/v2\/types\/page"}],"author":[{"embeddable":true,"href":"https:\/\/digitalhistory.unite.it\/es\/wp-json\/wp\/v2\/users\/1"}],"replies":[{"embeddable":true,"href":"https:\/\/digitalhistory.unite.it\/es\/wp-json\/wp\/v2\/comments?post=6681"}],"version-history":[{"count":2,"href":"https:\/\/digitalhistory.unite.it\/es\/wp-json\/wp\/v2\/pages\/6681\/revisions"}],"predecessor-version":[{"id":12025,"href":"https:\/\/digitalhistory.unite.it\/es\/wp-json\/wp\/v2\/pages\/6681\/revisions\/12025"}],"up":[{"embeddable":true,"href":"https:\/\/digitalhistory.unite.it\/es\/wp-json\/wp\/v2\/pages\/7520"}],"wp:attachment":[{"href":"https:\/\/digitalhistory.unite.it\/es\/wp-json\/wp\/v2\/media?parent=6681"}],"curies":[{"name":"wp","href":"https:\/\/api.w.org\/{rel}","templated":true}]}}

<h1>Las fiestas barrocas en honor a la corte del duque de Lerma </h1>
<div class="testo">
<p style="text-align: justify">Cada año, a principios del mes de Agosto, se celebran en la ciudad de <a href="/es/territorios/itinerarios-regionales/duque-de-lerma/lerma/lerma/" title="Lerma">Lerma</a> las fiestas barrocas en recuerdo al I duque de Lerma y a la ciudad que un día fue la residencia del valido de <a href="/es/territorios/itinerarios-urbanos/valladolid/iglesia-de-san-pablo/felipe-iii/" title="Felipe III">Felipe III</a>. En esta celebración, los ciudadanos se disfrazan para dar vida a una fiesta en honor al favorito del rey que, a principios del siglo XVII, remodeló la ciudad y le dio el aspecto barroco y grandioso que hoy asombra al viajero.</p>
<p style="text-align: justify">Lo más señalado de la fiesta es un desfile que comienza en el arco de la cárcel de la ciudad de Lerma (hoy puerta de entrada a la ciudad) y acaba en el palacio ducal. En esta procesión se representa una historia que va del caos del mundo a lo más refinado y culto de la <a href="/es/territorios/itinerarios-urbanos/valladolid/iglesia-de-san-pablo/corte/" title="Corte">corte</a>: primero arrancan el desfile, en un ambiente de fuego y humo, los demonios, los faunos, las criaturas del submundo, que traen el desorden y el miedo a la ciudad de Lerma. A continuación les sigue el pueblo llano vestidos de época barroca; artesanos, agricultores con sus cestas y carros de trigo, criadas, lavanderas, etc., que van cantando y tocando instrumentos antiguos. Seguidamente, lo más llamativo, la corte barroca del duque de Lerma, por parejas, a quien acompaña una música refinada y culta, al mismo tiempo que la aristocracia baila con movimientos acompasados llenos de elegancia. Cierran el desfile los cabezudos, que representan a los cortesanos, vestidos con el hábito de Santiago a modo de burla de ese mundo cortesano lleno de engaño y disimulo, y finalmente los gigantes de distintas religiones y razas.</p>
<p style="text-align: justify">Al llegar al Palacio Ducal de Lerma (hoy un reconstruido parador nacional), los duques de Lerma, vestidos con sus mejores galas, salen de su residencia a recibir a la corte. Ante los duques, a quienes saludan con gran reverencia, la aristocracia realiza una serie de bailes en grupo mostrando la celebración de la fiesta en honor al duque de Lerma.</p>
<p style="text-align: justify"><a href="/es/territorios/itinerarios-regionales/duque-de-lerma/la-plaza-mayor-de-madrid/" title="La Plaza Mayor de Madrid">&lt;&lt;&lt;&#8212;página precedente</a><span>&nbsp;&nbsp;&nbsp;</span> <span>&nbsp;</span> <a href="/es/territorios/itinerarios-regionales/" title="Itinerarios regionales">Índice&#8212;&gt;&gt;&gt;</a><a href="/es/territorios/itinerarios-regionales/" title="Itinerarios regionales"></a></p>
</p></div>
<p></p>

<p>Las fiestas barrocas en honor a la corte del duque de Lerma Cada año, a principios del mes de Agosto, se celebran en la ciudad de Lerma las fiestas barrocas en recuerdo al I duque de Lerma y a la ciudad que un día fue&hellip;</p>
