{"id":6737,"date":"2021-08-20T00:03:55","date_gmt":"2021-08-19T22:03:55","guid":{"rendered":"https:\/\/digitalhistory.unite.it\/la-morada-en-el-feudo\/"},"modified":"2021-11-23T15:28:53","modified_gmt":"2021-11-23T14:28:53","slug":"la-morada-en-el-feudo","status":"publish","type":"page","link":"https:\/\/digitalhistory.unite.it\/es\/temas\/residencias-nobiliarias\/la-morada-en-el-feudo\/","title":{"rendered":"La morada en el feudo"},"content":{"rendered":"<h1>La morada en el feudo <\/h1>\n<div class=\"testo\">\n<p style=\"text-align: justify\" class=\"ListParagraphCxSpPrimo\"><img loading=\"lazy\" decoding=\"async\" src=\"https:\/\/digitalhistory.unite.it\/wp-content\/uploads\/2021\/08\/2._atri_251x177.jpg\" width=\"251\" height=\"177\" alt=\"Atri\" align=\"left\">&#8211; Al palacio en el propio feudo, que anteriormente era la \u00fanica y principal residencia, en la que la alta nobleza a menudo se hab\u00eda construido una especie de &#8220;peque\u00f1a <a href=\"\/es\/territorios\/itinerarios-urbanos\/valladolid\/iglesia-de-san-pablo\/corte\/\" title=\"Corte\">corte<\/a>&#8220;, entre el siglo XVI y XVII se a\u00f1adi\u00f3&nbsp;la vivienda en la capital, donde la aristocracia se encontraba siempre m\u00e1s tiempo. La vivienda en el feudo, por lo tanto, continu\u00f3 siendo un importante instrumento para asegurar la presencia del Se\u00f1or, por lo menos en ciertas \u00e9pocas del a\u00f1o, como una forma de control del territorio y de los vasallos, con fines econ\u00f3micos y productivos, pero tambi\u00e9n pol\u00edticos, y cada vez m\u00e1s, se fue convirtiendo en un lugar de veraneo y de recreaci\u00f3n.<\/p>\n<p style=\"text-align: justify\" class=\"ListParagraphCxSpMedio\">&#8211; Entre las actividades de ocio tuvo gran importancia el <em>otium<\/em>, entendido en sentido literario y filos\u00f3fico (lectura, colecci\u00f3n de antig\u00fcedades, composici\u00f3n y escritura de obras, composici\u00f3n e interpretaci\u00f3n de la m\u00fasica, etc.). Y no es casualidad que estas actividades se llevaran a cabo principalmente en los lugares de veraneo, donde encontramos, y donde han permanecido, las ricas bibliotecas, las colecciones de arte, salas de m\u00fasica&#8230;<\/p>\n<p style=\"text-align: justify\" class=\"ListParagraphCxSpUltimo\">&#8211; Sobre todo los palacios que se encontraban dentro de los feudos terminaron por convertirse en una especie de &#8220;lugares de memoria&#8221; donde preservar y exaltar su linaje y antepasados. Las im\u00e1genes que representaban los retratos de los antepasados, escudos de armas, \u00e1rboles geneal\u00f3gicos pintados en las paredes o techos, frescos con la representaci\u00f3n de sus feudos, recuerdos que pertenec\u00edan a un pasado ligado sobre todo a la vida de sus antepasados y a los \u00e9xitos militares&#8230;<\/p>\n<p style=\"text-align: justify\" class=\"ListParagraphCxSpUltimo\"><a href=\"\/es\/temas\/residencias-nobiliarias\/la-forma-de-vida-aristocratica-en-epoca-barroca\/la-vida-aristocratica-en-epoca-barroca\/\" title=\"La vida aristocr\u00e1tica en \u00e9poca barroca\">&lt;&lt;&lt;&#8212;p\u00e1gina precedente<\/a><span>&nbsp;&nbsp;&nbsp;<\/span> <a href=\"\/es\/temas\/residencias-nobiliarias\/la-forma-de-vida-aristocratica-en-epoca-barroca\/reestructuraciones-de-castillos-y-fortalezas\/\" title=\"Reestructuraciones de castillos y fortalezas\">p\u00e1gina siguiente&#8212;&gt;&gt;&gt;<\/a><a href=\"\/es\/temas\/conservatorios\/santa-maria-de-loreto\/\" title=\"Santa Maria de Loreto\"><\/a><\/p>\n<\/p><\/div>\n<p><\/p>\n","protected":false},"excerpt":{"rendered":"<p>La morada en el feudo &#8211; Al palacio en el propio feudo, que anteriormente era la \u00fanica y principal residencia, en la que la alta nobleza a menudo se hab\u00eda construido una especie de &#8220;peque\u00f1a corte&#8220;, entre el siglo XVI y XVII se a\u00f1adi\u00f3&nbsp;la vivienda&hellip;<\/p>\n","protected":false},"author":1,"featured_media":0,"parent":5915,"menu_order":0,"comment_status":"closed","ping_status":"closed","template":"","meta":{"footnotes":""},"class_list":["post-6737","page","type-page","status-publish","hentry"],"_links":{"self":[{"href":"https:\/\/digitalhistory.unite.it\/es\/wp-json\/wp\/v2\/pages\/6737","targetHints":{"allow":["GET"]}}],"collection":[{"href":"https:\/\/digitalhistory.unite.it\/es\/wp-json\/wp\/v2\/pages"}],"about":[{"href":"https:\/\/digitalhistory.unite.it\/es\/wp-json\/wp\/v2\/types\/page"}],"author":[{"embeddable":true,"href":"https:\/\/digitalhistory.unite.it\/es\/wp-json\/wp\/v2\/users\/1"}],"replies":[{"embeddable":true,"href":"https:\/\/digitalhistory.unite.it\/es\/wp-json\/wp\/v2\/comments?post=6737"}],"version-history":[{"count":2,"href":"https:\/\/digitalhistory.unite.it\/es\/wp-json\/wp\/v2\/pages\/6737\/revisions"}],"predecessor-version":[{"id":11941,"href":"https:\/\/digitalhistory.unite.it\/es\/wp-json\/wp\/v2\/pages\/6737\/revisions\/11941"}],"up":[{"embeddable":true,"href":"https:\/\/digitalhistory.unite.it\/es\/wp-json\/wp\/v2\/pages\/5915"}],"wp:attachment":[{"href":"https:\/\/digitalhistory.unite.it\/es\/wp-json\/wp\/v2\/media?parent=6737"}],"curies":[{"name":"wp","href":"https:\/\/api.w.org\/{rel}","templated":true}]}}

<h1>La morada en el feudo </h1>
<div class="testo">
<p style="text-align: justify" class="ListParagraphCxSpPrimo"><img loading="lazy" decoding="async" src="https://digitalhistory.unite.it/wp-content/uploads/2021/08/2._atri_251x177.jpg" width="251" height="177" alt="Atri" align="left">&#8211; Al palacio en el propio feudo, que anteriormente era la única y principal residencia, en la que la alta nobleza a menudo se había construido una especie de &#8220;pequeña <a href="/es/territorios/itinerarios-urbanos/valladolid/iglesia-de-san-pablo/corte/" title="Corte">corte</a>&#8220;, entre el siglo XVI y XVII se añadió&nbsp;la vivienda en la capital, donde la aristocracia se encontraba siempre más tiempo. La vivienda en el feudo, por lo tanto, continuó siendo un importante instrumento para asegurar la presencia del Señor, por lo menos en ciertas épocas del año, como una forma de control del territorio y de los vasallos, con fines económicos y productivos, pero también políticos, y cada vez más, se fue convirtiendo en un lugar de veraneo y de recreación.</p>
<p style="text-align: justify" class="ListParagraphCxSpMedio">&#8211; Entre las actividades de ocio tuvo gran importancia el <em>otium</em>, entendido en sentido literario y filosófico (lectura, colección de antigüedades, composición y escritura de obras, composición e interpretación de la música, etc.). Y no es casualidad que estas actividades se llevaran a cabo principalmente en los lugares de veraneo, donde encontramos, y donde han permanecido, las ricas bibliotecas, las colecciones de arte, salas de música&#8230;</p>
<p style="text-align: justify" class="ListParagraphCxSpUltimo">&#8211; Sobre todo los palacios que se encontraban dentro de los feudos terminaron por convertirse en una especie de &#8220;lugares de memoria&#8221; donde preservar y exaltar su linaje y antepasados. Las imágenes que representaban los retratos de los antepasados, escudos de armas, árboles genealógicos pintados en las paredes o techos, frescos con la representación de sus feudos, recuerdos que pertenecían a un pasado ligado sobre todo a la vida de sus antepasados y a los éxitos militares&#8230;</p>
<p style="text-align: justify" class="ListParagraphCxSpUltimo"><a href="/es/temas/residencias-nobiliarias/la-forma-de-vida-aristocratica-en-epoca-barroca/la-vida-aristocratica-en-epoca-barroca/" title="La vida aristocrática en época barroca">&lt;&lt;&lt;&#8212;página precedente</a><span>&nbsp;&nbsp;&nbsp;</span> <a href="/es/temas/residencias-nobiliarias/la-forma-de-vida-aristocratica-en-epoca-barroca/reestructuraciones-de-castillos-y-fortalezas/" title="Reestructuraciones de castillos y fortalezas">página siguiente&#8212;&gt;&gt;&gt;</a><a href="/es/temas/conservatorios/santa-maria-de-loreto/" title="Santa Maria de Loreto"></a></p>
</p></div>
<p></p>

<p>La morada en el feudo &#8211; Al palacio en el propio feudo, que anteriormente era la única y principal residencia, en la que la alta nobleza a menudo se había construido una especie de &#8220;pequeña corte&#8220;, entre el siglo XVI y XVII se añadió&nbsp;la vivienda&hellip;</p>
