{"id":6767,"date":"2021-08-20T00:03:57","date_gmt":"2021-08-19T22:03:57","guid":{"rendered":"https:\/\/digitalhistory.unite.it\/medinaceli-soria\/"},"modified":"2021-11-23T17:45:11","modified_gmt":"2021-11-23T16:45:11","slug":"medinaceli-soria","status":"publish","type":"page","link":"https:\/\/digitalhistory.unite.it\/es\/temas\/residencias-nobiliarias\/los-palacios-de-los-duques-de-medinaceli\/medinaceli-soria\/","title":{"rendered":"Medinaceli (Soria)"},"content":{"rendered":"<h1>Medinaceli (Soria) <\/h1>\n<div class=\"testo\">\n<p style=\"text-align: justify\"><img loading=\"lazy\" decoding=\"async\" src=\"https:\/\/digitalhistory.unite.it\/wp-content\/uploads\/2021\/08\/clip_image002_253x190.jpg\" width=\"253\" height=\"190\" alt=\"Palazzo Medinaceli\" align=\"LEFT\">El Palacio Ducal de Medinaceli ocupa todo un lado de la <a href=\"\/es\/territorios\/itinerarios-regionales\/plazas-mayores\/el-origen-y-las-funciones-de-las-plazas-mayores\/\" title=\"El origen y las funciones de las Plazas Mayores\">Plaza Mayor<\/a> de la hom\u00f3nima ciudad. Edificio del siglo XVII, se inici\u00f3 en 1625 por orden del duque de Medinaceli. El arquitecto fue <a href=\"\/es\/territorios\/itinerarios-urbanos\/alcala\/universidad-complutense\/juan-gomez-de-mora\/\" title=\"Juan G\u00f3mez de Mora\">Juan G\u00f3mez de Mora<\/a>, sobrino de Francisco de Mora, con quien hab\u00eda trabajado en el <a href=\"\/es\/territorios\/itinerarios-regionales\/duque-de-lerma\/lerma\/\" title=\"Lerma\">Palacio Ducal de Lerma<\/a>: los dos edificios denotan, no por casualidad, semejanzas indudables. El Palacio de Medinaceli presenta influencias del Renacimiento y fue construido en el siglo XVII como una sede digna de la Casa de Medina, cuyos emblemas est\u00e1n presentes en la parte delantera de la fachada. Cay\u00f3 en desuso durante el siglo XIX, deterior\u00e1ndose a la ruina casi total, hasta que se llevaron a cabo obras de restauraci\u00f3n que comenzaron en la d\u00e9cada de los noventa del siglo pasado. En diciembre de 2008 fue inaugurado como museo dedicado a exposiciones culturales, con diez salas que ocupan casi toda la planta baja. Se trata de un edificio construido alrededor de un patio de dos plantas, cuya simetr\u00eda y sobriedad hacen destacar su elegancia. La fachada se compone de una serie de balcones en la parte superior en los cuales hay frontones curvos; a la altura del central, en correspondencia con la puerta principal, est\u00e1 el escudo de armas de los duques de Medinaceli, protegido por un marco. Las cubiertas superiores fueron dise\u00f1adas para ser de pizarra como el Palacio de <a href=\"\/es\/territorios\/itinerarios-regionales\/duque-de-lerma\/lerma\/lerma\/\" title=\"Lerma\">Lerma<\/a>, en la Plaza Mayor y en la Casa de la Villa de <a href=\"\/es\/territorios\/itinerarios-urbanos\/valladolid\/iglesia-de-san-pablo\/madrid\/\" title=\"Madrid\">Madrid<\/a>. Las torres, eliminadas en el siglo XIX y reconstruidas en una restauraci\u00f3n posterior, deber\u00edan haber sido coronadas por agujas, adquiriendo as\u00ed una mayor altura. En el interior se puede visitar los diversos mosaicos romanos, como el del siglo IV que se encontr\u00f3 en la Plaza Mayor, con la diosa Ceres en el centro rodeada por temas geom\u00e9tricos y animales, o los que se encuentran en San Gil, del siglo II, con teselas m\u00e1s peque\u00f1as, que forman motivos geom\u00e9tricos y animales fant\u00e1sticos.<\/p>\n<p style=\"text-align: justify\"><a href=\"\/es\/temas\/residencias-nobiliarias\/\" title=\"Residencias nobiliarias\">&lt;&lt;&lt;&#8212;\u00cdndice<\/a><span>&nbsp;<\/span> <span>&nbsp;<\/span> <a href=\"\/es\/temas\/residencias-nobiliarias\/los-palacios-de-los-duques-de-medinaceli\/puente-genil-montilla-segorbe\/\" title=\"Puente Genil, Montilla, Segorbe\">p\u00e1gina siguiente&#8212;&gt;&gt;&gt;<\/a><a href=\"\/es\/temas\/residencias-nobiliarias\/benameji\/cordoba-y-alcala-del-valle\/\" title=\"C\u00f3rdoba y Alcal\u00e1 del Valle\"><\/a><\/p>\n<\/p><\/div>\n<p><\/p>\n","protected":false},"excerpt":{"rendered":"<p>Medinaceli (Soria) El Palacio Ducal de Medinaceli ocupa todo un lado de la Plaza Mayor de la hom\u00f3nima ciudad. Edificio del siglo XVII, se inici\u00f3 en 1625 por orden del duque de Medinaceli. El arquitecto fue Juan G\u00f3mez de Mora, sobrino de Francisco de Mora,&hellip;<\/p>\n","protected":false},"author":1,"featured_media":0,"parent":7616,"menu_order":0,"comment_status":"closed","ping_status":"closed","template":"","meta":{"footnotes":""},"class_list":["post-6767","page","type-page","status-publish","hentry"],"_links":{"self":[{"href":"https:\/\/digitalhistory.unite.it\/es\/wp-json\/wp\/v2\/pages\/6767","targetHints":{"allow":["GET"]}}],"collection":[{"href":"https:\/\/digitalhistory.unite.it\/es\/wp-json\/wp\/v2\/pages"}],"about":[{"href":"https:\/\/digitalhistory.unite.it\/es\/wp-json\/wp\/v2\/types\/page"}],"author":[{"embeddable":true,"href":"https:\/\/digitalhistory.unite.it\/es\/wp-json\/wp\/v2\/users\/1"}],"replies":[{"embeddable":true,"href":"https:\/\/digitalhistory.unite.it\/es\/wp-json\/wp\/v2\/comments?post=6767"}],"version-history":[{"count":3,"href":"https:\/\/digitalhistory.unite.it\/es\/wp-json\/wp\/v2\/pages\/6767\/revisions"}],"predecessor-version":[{"id":11947,"href":"https:\/\/digitalhistory.unite.it\/es\/wp-json\/wp\/v2\/pages\/6767\/revisions\/11947"}],"up":[{"embeddable":true,"href":"https:\/\/digitalhistory.unite.it\/es\/wp-json\/wp\/v2\/pages\/7616"}],"wp:attachment":[{"href":"https:\/\/digitalhistory.unite.it\/es\/wp-json\/wp\/v2\/media?parent=6767"}],"curies":[{"name":"wp","href":"https:\/\/api.w.org\/{rel}","templated":true}]}}

<h1>Medinaceli (Soria) </h1>
<div class="testo">
<p style="text-align: justify"><img loading="lazy" decoding="async" src="https://digitalhistory.unite.it/wp-content/uploads/2021/08/clip_image002_253x190.jpg" width="253" height="190" alt="Palazzo Medinaceli" align="LEFT">El Palacio Ducal de Medinaceli ocupa todo un lado de la <a href="/es/territorios/itinerarios-regionales/plazas-mayores/el-origen-y-las-funciones-de-las-plazas-mayores/" title="El origen y las funciones de las Plazas Mayores">Plaza Mayor</a> de la homónima ciudad. Edificio del siglo XVII, se inició en 1625 por orden del duque de Medinaceli. El arquitecto fue <a href="/es/territorios/itinerarios-urbanos/alcala/universidad-complutense/juan-gomez-de-mora/" title="Juan Gómez de Mora">Juan Gómez de Mora</a>, sobrino de Francisco de Mora, con quien había trabajado en el <a href="/es/territorios/itinerarios-regionales/duque-de-lerma/lerma/" title="Lerma">Palacio Ducal de Lerma</a>: los dos edificios denotan, no por casualidad, semejanzas indudables. El Palacio de Medinaceli presenta influencias del Renacimiento y fue construido en el siglo XVII como una sede digna de la Casa de Medina, cuyos emblemas están presentes en la parte delantera de la fachada. Cayó en desuso durante el siglo XIX, deteriorándose a la ruina casi total, hasta que se llevaron a cabo obras de restauración que comenzaron en la década de los noventa del siglo pasado. En diciembre de 2008 fue inaugurado como museo dedicado a exposiciones culturales, con diez salas que ocupan casi toda la planta baja. Se trata de un edificio construido alrededor de un patio de dos plantas, cuya simetría y sobriedad hacen destacar su elegancia. La fachada se compone de una serie de balcones en la parte superior en los cuales hay frontones curvos; a la altura del central, en correspondencia con la puerta principal, está el escudo de armas de los duques de Medinaceli, protegido por un marco. Las cubiertas superiores fueron diseñadas para ser de pizarra como el Palacio de <a href="/es/territorios/itinerarios-regionales/duque-de-lerma/lerma/lerma/" title="Lerma">Lerma</a>, en la Plaza Mayor y en la Casa de la Villa de <a href="/es/territorios/itinerarios-urbanos/valladolid/iglesia-de-san-pablo/madrid/" title="Madrid">Madrid</a>. Las torres, eliminadas en el siglo XIX y reconstruidas en una restauración posterior, deberían haber sido coronadas por agujas, adquiriendo así una mayor altura. En el interior se puede visitar los diversos mosaicos romanos, como el del siglo IV que se encontró en la Plaza Mayor, con la diosa Ceres en el centro rodeada por temas geométricos y animales, o los que se encuentran en San Gil, del siglo II, con teselas más pequeñas, que forman motivos geométricos y animales fantásticos.</p>
<p style="text-align: justify"><a href="/es/temas/residencias-nobiliarias/" title="Residencias nobiliarias">&lt;&lt;&lt;&#8212;Índice</a><span>&nbsp;</span> <span>&nbsp;</span> <a href="/es/temas/residencias-nobiliarias/los-palacios-de-los-duques-de-medinaceli/puente-genil-montilla-segorbe/" title="Puente Genil, Montilla, Segorbe">página siguiente&#8212;&gt;&gt;&gt;</a><a href="/es/temas/residencias-nobiliarias/benameji/cordoba-y-alcala-del-valle/" title="Córdoba y Alcalá del Valle"></a></p>
</p></div>
<p></p>

<p>Medinaceli (Soria) El Palacio Ducal de Medinaceli ocupa todo un lado de la Plaza Mayor de la homónima ciudad. Edificio del siglo XVII, se inició en 1625 por orden del duque de Medinaceli. El arquitecto fue Juan Gómez de Mora, sobrino de Francisco de Mora,&hellip;</p>
