{"id":6768,"date":"2021-08-20T00:03:57","date_gmt":"2021-08-19T22:03:57","guid":{"rendered":"https:\/\/digitalhistory.unite.it\/puente-genil-montilla-segorbe\/"},"modified":"2021-11-23T17:45:11","modified_gmt":"2021-11-23T16:45:11","slug":"puente-genil-montilla-segorbe","status":"publish","type":"page","link":"https:\/\/digitalhistory.unite.it\/es\/temas\/residencias-nobiliarias\/los-palacios-de-los-duques-de-medinaceli\/puente-genil-montilla-segorbe\/","title":{"rendered":"Puente Genil, Montilla, Segorbe"},"content":{"rendered":"<h1>Puente Genil, Montilla, Segorbe <\/h1>\n<div class=\"testo\">\n<p style=\"text-align: justify\">En Puente Genil, en la provincia de <a href=\"\/es\/territorios\/itinerarios-regionales\/plazas-mayores\/la-plaza-de-la-corredera-de-cordoba\/cordoba\/\" title=\"C\u00f3rdoba\">C\u00f3rdoba<\/a>, se encuentra la mayordom\u00eda de los duques de Medinaceli: una casa-palacio del siglo XVIII, habitada principalmente por el administrador de los bienes locales de los duques. De grandes dimensiones, que se estructura entorno a un elegante patio con columnas de jaspe rojo. La fachada barroca se encuentra en la calle Don Gonzalo, la calle principal de la ciudad: en el segundo nivel hay tres balcones, dos de ellos en estilo malt\u00e9s, es decir, con una estructura de madera que sobresale cerrada; entre \u00e9stos y el del medio hay dos escudos id\u00e9nticos de los duques de Medinaceli, obra de los hermanos Gallardo. En el interior, se encuentra la escalera principal y el Sal\u00f3n Dorado, donde se conserva el mobiliario con muebles antiguos y la decoraci\u00f3n m\u00e1s valiosa. El palacio tambi\u00e9n cuenta con un jard\u00edn con entrada independiente para carruajes y caballos.<\/p>\n<p style=\"text-align: justify\"><img loading=\"lazy\" decoding=\"async\" src=\"https:\/\/digitalhistory.unite.it\/wp-content\/uploads\/2021\/08\/clip_image002_253x176.jpg\" width=\"253\" height=\"176\" alt=\"Montilla\" align=\"LEFT\">Siempre en la provincia de C\u00f3rdoba, se puede admirar el castillo de Montilla, situado en la cima de una colina que domina el norte del municipio. Era el antiguo castillo de los se\u00f1ores de Aguilar, una gran fortaleza medieval que en 1508 <a href=\"\/es\/territorios\/itinerarios-urbanos\/valladolid\/el-museo-nacional-de-escultura\/reyes-catolicos\/\" title=\"Reyes Cat\u00f3licos\">Fernando el Cat\u00f3lico<\/a> mand\u00f3 destruir para castigar el comportamiento rebelde de don Pedro Fern\u00e1ndez de C\u00f3rdoba, el primer marqu\u00e9s de Priego. Siguiendo esta orden se derribaron todas las paredes exteriores, pero gracias a algunos restos y varios testimonios que hemos llegado a conocer se sabe que se trataba de una extensa estructura en forma de trapezoide rodeada de numerosas torres, que ten\u00edan nombres como la Dorada, del Sol, del Centinela, de la Defensa, de Minerva o de Diana. Aunque, en 1510, la reina <a href=\"\/es\/territorios\/itinerarios-internacionales\/estatuas-ecuestres-de-reyes-espanoles\/las-estatuas-ecuestres-y-la-monarquia-espanola\/juana-i-de-castilla\/\" title=\"Juana I de Castilla\">Juana<\/a> le concedi\u00f3 el perd\u00f3n y le dio permiso para reconstruir el castillo, no fue hasta el siglo XVIII que fue construido sobre el mismo terreno los graneros ducales, un complejo de piedra labrada que se elevaba sobre el resto de edificios de la ciudad con una monumentalidad tal, que desde fuera puede parecer m\u00e1s una iglesia que un gran edificio industrial. Las obras se llevaron a cabo en tiempo de Nicol\u00e1s Fern\u00e1ndez de C\u00f3rdoba, duque de Medinaceli y marqu\u00e9s de Priego: en 1722 se encontraban en un estado muy avanzado, como acredita una placa en la entrada, y se complet\u00f3 un a\u00f1o despu\u00e9s. Este impresionante edificio, dise\u00f1ado por un importante arquitecto de C\u00f3rdoba, Juan Antonio Camacho, se divide en tres plantas comunicadas por rampas para facilitar el movimiento del grano. El portal est\u00e1 encerrado en dos columnas y no es muy diferente de los que se encuentran en las estructuras religiosas del momento.<\/p>\n<p style=\"text-align: justify\"><img loading=\"lazy\" decoding=\"async\" src=\"https:\/\/digitalhistory.unite.it\/wp-content\/uploads\/2021\/08\/clip_image002_253x190-6.jpg\" width=\"253\" height=\"190\" alt=\"Segorbe\" align=\"LEFT\">En Segorbe, en la provincia de Castell\u00f3n, hay otro edificio que era propiedad de los duques de Medinaceli, que comenz\u00f3 en el siglo XVI y fue comprado por el ayuntamiento en 1858. Destacan los tres portales de m\u00e1rmol y jaspe y un sal\u00f3n para reuniones, adornado con un magn\u00edfico artesonado octogonal de estilo morisco del siglo XIV, con estrellas de cuatro puntas. El techo de madera es tambi\u00e9n similar al de la planta baja, donde el C\u00edrculo Segorbino est\u00e1 cubierto con casetones cuadrados a la italiana con estrellas de punta de diamante. Digno de menci\u00f3n son varias puertas con decoraci\u00f3n en estilo mud\u00e9jar, es decir, el estilo Hispano-\u00e1rabe que desarrollaron las maestranzas musulmanes en los territorios cristianos.<\/p>\n<p style=\"text-align: justify\"><a href=\"\/es\/temas\/residencias-nobiliarias\/los-palacios-de-los-duques-de-medinaceli\/medinaceli-soria\/\" title=\"Medinaceli (Soria)\">&lt;&lt;&lt;&#8212;p\u00e1gina precedente<\/a><span>&nbsp;&nbsp;<\/span> <span>&nbsp;<\/span> <a href=\"\/es\/temas\/residencias-nobiliarias\/\" title=\"Residencias nobiliarias\">\u00cdndice&#8212;&gt;&gt;&gt;<\/a><a href=\"\/es\/temas\/residencias-nobiliarias\/\" title=\"Residencias nobiliarias\"><\/a><\/p>\n<\/div>\n<p><\/p>\n","protected":false},"excerpt":{"rendered":"<p>Puente Genil, Montilla, Segorbe En Puente Genil, en la provincia de C\u00f3rdoba, se encuentra la mayordom\u00eda de los duques de Medinaceli: una casa-palacio del siglo XVIII, habitada principalmente por el administrador de los bienes locales de los duques. De grandes dimensiones, que se estructura entorno&hellip;<\/p>\n","protected":false},"author":1,"featured_media":0,"parent":7616,"menu_order":0,"comment_status":"closed","ping_status":"closed","template":"","meta":{"footnotes":""},"class_list":["post-6768","page","type-page","status-publish","hentry"],"_links":{"self":[{"href":"https:\/\/digitalhistory.unite.it\/es\/wp-json\/wp\/v2\/pages\/6768","targetHints":{"allow":["GET"]}}],"collection":[{"href":"https:\/\/digitalhistory.unite.it\/es\/wp-json\/wp\/v2\/pages"}],"about":[{"href":"https:\/\/digitalhistory.unite.it\/es\/wp-json\/wp\/v2\/types\/page"}],"author":[{"embeddable":true,"href":"https:\/\/digitalhistory.unite.it\/es\/wp-json\/wp\/v2\/users\/1"}],"replies":[{"embeddable":true,"href":"https:\/\/digitalhistory.unite.it\/es\/wp-json\/wp\/v2\/comments?post=6768"}],"version-history":[{"count":2,"href":"https:\/\/digitalhistory.unite.it\/es\/wp-json\/wp\/v2\/pages\/6768\/revisions"}],"predecessor-version":[{"id":11948,"href":"https:\/\/digitalhistory.unite.it\/es\/wp-json\/wp\/v2\/pages\/6768\/revisions\/11948"}],"up":[{"embeddable":true,"href":"https:\/\/digitalhistory.unite.it\/es\/wp-json\/wp\/v2\/pages\/7616"}],"wp:attachment":[{"href":"https:\/\/digitalhistory.unite.it\/es\/wp-json\/wp\/v2\/media?parent=6768"}],"curies":[{"name":"wp","href":"https:\/\/api.w.org\/{rel}","templated":true}]}}

<h1>Puente Genil, Montilla, Segorbe </h1>
<div class="testo">
<p style="text-align: justify">En Puente Genil, en la provincia de <a href="/es/territorios/itinerarios-regionales/plazas-mayores/la-plaza-de-la-corredera-de-cordoba/cordoba/" title="Córdoba">Córdoba</a>, se encuentra la mayordomía de los duques de Medinaceli: una casa-palacio del siglo XVIII, habitada principalmente por el administrador de los bienes locales de los duques. De grandes dimensiones, que se estructura entorno a un elegante patio con columnas de jaspe rojo. La fachada barroca se encuentra en la calle Don Gonzalo, la calle principal de la ciudad: en el segundo nivel hay tres balcones, dos de ellos en estilo maltés, es decir, con una estructura de madera que sobresale cerrada; entre éstos y el del medio hay dos escudos idénticos de los duques de Medinaceli, obra de los hermanos Gallardo. En el interior, se encuentra la escalera principal y el Salón Dorado, donde se conserva el mobiliario con muebles antiguos y la decoración más valiosa. El palacio también cuenta con un jardín con entrada independiente para carruajes y caballos.</p>
<p style="text-align: justify"><img loading="lazy" decoding="async" src="https://digitalhistory.unite.it/wp-content/uploads/2021/08/clip_image002_253x176.jpg" width="253" height="176" alt="Montilla" align="LEFT">Siempre en la provincia de Córdoba, se puede admirar el castillo de Montilla, situado en la cima de una colina que domina el norte del municipio. Era el antiguo castillo de los señores de Aguilar, una gran fortaleza medieval que en 1508 <a href="/es/territorios/itinerarios-urbanos/valladolid/el-museo-nacional-de-escultura/reyes-catolicos/" title="Reyes Católicos">Fernando el Católico</a> mandó destruir para castigar el comportamiento rebelde de don Pedro Fernández de Córdoba, el primer marqués de Priego. Siguiendo esta orden se derribaron todas las paredes exteriores, pero gracias a algunos restos y varios testimonios que hemos llegado a conocer se sabe que se trataba de una extensa estructura en forma de trapezoide rodeada de numerosas torres, que tenían nombres como la Dorada, del Sol, del Centinela, de la Defensa, de Minerva o de Diana. Aunque, en 1510, la reina <a href="/es/territorios/itinerarios-internacionales/estatuas-ecuestres-de-reyes-espanoles/las-estatuas-ecuestres-y-la-monarquia-espanola/juana-i-de-castilla/" title="Juana I de Castilla">Juana</a> le concedió el perdón y le dio permiso para reconstruir el castillo, no fue hasta el siglo XVIII que fue construido sobre el mismo terreno los graneros ducales, un complejo de piedra labrada que se elevaba sobre el resto de edificios de la ciudad con una monumentalidad tal, que desde fuera puede parecer más una iglesia que un gran edificio industrial. Las obras se llevaron a cabo en tiempo de Nicolás Fernández de Córdoba, duque de Medinaceli y marqués de Priego: en 1722 se encontraban en un estado muy avanzado, como acredita una placa en la entrada, y se completó un año después. Este impresionante edificio, diseñado por un importante arquitecto de Córdoba, Juan Antonio Camacho, se divide en tres plantas comunicadas por rampas para facilitar el movimiento del grano. El portal está encerrado en dos columnas y no es muy diferente de los que se encuentran en las estructuras religiosas del momento.</p>
<p style="text-align: justify"><img loading="lazy" decoding="async" src="https://digitalhistory.unite.it/wp-content/uploads/2021/08/clip_image002_253x190-6.jpg" width="253" height="190" alt="Segorbe" align="LEFT">En Segorbe, en la provincia de Castellón, hay otro edificio que era propiedad de los duques de Medinaceli, que comenzó en el siglo XVI y fue comprado por el ayuntamiento en 1858. Destacan los tres portales de mármol y jaspe y un salón para reuniones, adornado con un magnífico artesonado octogonal de estilo morisco del siglo XIV, con estrellas de cuatro puntas. El techo de madera es también similar al de la planta baja, donde el Círculo Segorbino está cubierto con casetones cuadrados a la italiana con estrellas de punta de diamante. Digno de mención son varias puertas con decoración en estilo mudéjar, es decir, el estilo Hispano-árabe que desarrollaron las maestranzas musulmanes en los territorios cristianos.</p>
<p style="text-align: justify"><a href="/es/temas/residencias-nobiliarias/los-palacios-de-los-duques-de-medinaceli/medinaceli-soria/" title="Medinaceli (Soria)">&lt;&lt;&lt;&#8212;página precedente</a><span>&nbsp;&nbsp;</span> <span>&nbsp;</span> <a href="/es/temas/residencias-nobiliarias/" title="Residencias nobiliarias">Índice&#8212;&gt;&gt;&gt;</a><a href="/es/temas/residencias-nobiliarias/" title="Residencias nobiliarias"></a></p>
</div>
<p></p>

<p>Puente Genil, Montilla, Segorbe En Puente Genil, en la provincia de Córdoba, se encuentra la mayordomía de los duques de Medinaceli: una casa-palacio del siglo XVIII, habitada principalmente por el administrador de los bienes locales de los duques. De grandes dimensiones, que se estructura entorno&hellip;</p>
