{"id":6924,"date":"2021-08-20T00:04:08","date_gmt":"2021-08-19T22:04:08","guid":{"rendered":"https:\/\/digitalhistory.unite.it\/la-coruna\/"},"modified":"2021-11-23T15:27:11","modified_gmt":"2021-11-23T14:27:11","slug":"la-coruna","status":"publish","type":"page","link":"https:\/\/digitalhistory.unite.it\/es\/territori\/percorsi-regionali\/storia-araba-e-gusto-barocco\/santiago-de-compostela\/la-coruna\/","title":{"rendered":"La Coru\u00f1a"},"content":{"rendered":"<h1>La Coru\u00f1a <\/h1>\n<div class=\"testo\">\n<p style=\"text-align: justify\"><img loading=\"lazy\" decoding=\"async\" src=\"https:\/\/digitalhistory.unite.it\/wp-content\/uploads\/2021\/08\/faro_torre_h_rcules_la_coru_a_galicia_espa_a__fileminimizer__227x223.jpg\" width=\"227\" height=\"223\" alt=\"La Coruna\" align=\"left\">Durante l&#8217;et\u00e0 moderna, la storia di La Coru\u00f1a va di pari passo con quella della Monarchia degli <em>Austrias<\/em>. Durante il regno di Carlo V venne installata la <em>Casa de Contrataci\u00f3n de Especias<\/em>, che rese obbligatorio un miglior sistema difensivo contro potenziali invasori. La Coru\u00f1a vide salpare dal suo porto nel 1588 l&#8217;<em>Invencible<\/em> <em>Armada<\/em>, destinata alla clamorosa sconfitta nel canale della Manica. L&#8217;anno successivo, il sistema di difesa della citt\u00e0, imperniato sull&#8217;appena costruito <em>Castillo de San Ant\u00f3n<\/em> e sulle eroiche gesta di Mar\u00eda Pita, riusc\u00ec a respingere l&#8217;assalto inglese guidato da Francis Drake. Durante il XVII secolo e fino alla met\u00e0 del XVIII secolo, La Coru\u00f1a visse un periodo di intensa recessione, principalmente dovuta all&#8217;altissima pressione demografica e fiscale generata dalle incessanti guerre che videro coinvolta la monarchia spagnola. Solo a met\u00e0 Settecento la citt\u00e0 cominci\u00f2 a recuperare il suo ruolo di importante centro commerciale marittimo. (nella foto: il Faro di Torre H\u00e9rcules)<\/p>\n<\/div>\n<p><\/p>\n","protected":false},"excerpt":{"rendered":"<p>La Coru\u00f1a Durante l&#8217;et\u00e0 moderna, la storia di La Coru\u00f1a va di pari passo con quella della Monarchia degli Austrias. Durante il regno di Carlo V venne installata la Casa de Contrataci\u00f3n de Especias, che rese obbligatorio un miglior sistema difensivo contro potenziali invasori. La&hellip;<\/p>\n","protected":false},"author":1,"featured_media":0,"parent":6021,"menu_order":0,"comment_status":"closed","ping_status":"closed","template":"","meta":{"footnotes":""},"class_list":["post-6924","page","type-page","status-publish","hentry"],"_links":{"self":[{"href":"https:\/\/digitalhistory.unite.it\/es\/wp-json\/wp\/v2\/pages\/6924","targetHints":{"allow":["GET"]}}],"collection":[{"href":"https:\/\/digitalhistory.unite.it\/es\/wp-json\/wp\/v2\/pages"}],"about":[{"href":"https:\/\/digitalhistory.unite.it\/es\/wp-json\/wp\/v2\/types\/page"}],"author":[{"embeddable":true,"href":"https:\/\/digitalhistory.unite.it\/es\/wp-json\/wp\/v2\/users\/1"}],"replies":[{"embeddable":true,"href":"https:\/\/digitalhistory.unite.it\/es\/wp-json\/wp\/v2\/comments?post=6924"}],"version-history":[{"count":3,"href":"https:\/\/digitalhistory.unite.it\/es\/wp-json\/wp\/v2\/pages\/6924\/revisions"}],"predecessor-version":[{"id":10840,"href":"https:\/\/digitalhistory.unite.it\/es\/wp-json\/wp\/v2\/pages\/6924\/revisions\/10840"}],"up":[{"embeddable":true,"href":"https:\/\/digitalhistory.unite.it\/es\/wp-json\/wp\/v2\/pages\/6021"}],"wp:attachment":[{"href":"https:\/\/digitalhistory.unite.it\/es\/wp-json\/wp\/v2\/media?parent=6924"}],"curies":[{"name":"wp","href":"https:\/\/api.w.org\/{rel}","templated":true}]}}

La Coruña

<h1>La Coruña </h1>
<div class="testo">
<p style="text-align: justify"><img loading="lazy" decoding="async" src="https://digitalhistory.unite.it/wp-content/uploads/2021/08/faro_torre_h_rcules_la_coru_a_galicia_espa_a__fileminimizer__227x223.jpg" width="227" height="223" alt="La Coruna" align="left">Durante l&#8217;età moderna, la storia di La Coruña va di pari passo con quella della Monarchia degli <em>Austrias</em>. Durante il regno di Carlo V venne installata la <em>Casa de Contratación de Especias</em>, che rese obbligatorio un miglior sistema difensivo contro potenziali invasori. La Coruña vide salpare dal suo porto nel 1588 l&#8217;<em>Invencible</em> <em>Armada</em>, destinata alla clamorosa sconfitta nel canale della Manica. L&#8217;anno successivo, il sistema di difesa della città, imperniato sull&#8217;appena costruito <em>Castillo de San Antón</em> e sulle eroiche gesta di María Pita, riuscì a respingere l&#8217;assalto inglese guidato da Francis Drake. Durante il XVII secolo e fino alla metà del XVIII secolo, La Coruña visse un periodo di intensa recessione, principalmente dovuta all&#8217;altissima pressione demografica e fiscale generata dalle incessanti guerre che videro coinvolta la monarchia spagnola. Solo a metà Settecento la città cominciò a recuperare il suo ruolo di importante centro commerciale marittimo. (nella foto: il Faro di Torre Hércules)</p>
</div>
<p></p>

<p>La Coruña Durante l&#8217;età moderna, la storia di La Coruña va di pari passo con quella della Monarchia degli Austrias. Durante il regno di Carlo V venne installata la Casa de Contratación de Especias, che rese obbligatorio un miglior sistema difensivo contro potenziali invasori. La&hellip;</p>
