{"id":7601,"date":"2021-08-20T00:04:43","date_gmt":"2021-08-19T22:04:43","guid":{"rendered":"https:\/\/digitalhistory.unite.it\/giacomo-carissimi\/"},"modified":"2021-11-23T17:45:10","modified_gmt":"2021-11-23T16:45:10","slug":"giacomo-carissimi","status":"publish","type":"page","link":"https:\/\/digitalhistory.unite.it\/es\/temas\/conservatorios\/alessandro-scarlatti\/giacomo-carissimi\/","title":{"rendered":"Giacomo Carissimi"},"content":{"rendered":"<h1>Giacomo Carissimi <\/h1>\n<div class=\"testo\">\n<p style=\"text-align: justify\"><img loading=\"lazy\" decoding=\"async\" src=\"https:\/\/digitalhistory.unite.it\/wp-content\/uploads\/2021\/08\/giacomo_carissimi_226x271.jpg\" width=\"226\" height=\"271\" alt=\"Giacomo Carissimi\" align=\"left\">Giacomo Carissimi (1605-1674) fue uno de los compositores italianos m\u00e1s importantes de la \u00e9poca barroca, representante destacado de la escuela romana. Naci\u00f3 en Marino, cerca de Roma, pero de \u00e9l s\u00f3lo tenemos escasas noticias biogr\u00e1ficas. \u00c9l fue muy activo como cantor y organista en la catedral de T\u00edvoli entre 1623 y 1627, mientras que en los dos siguientes a\u00f1os fue maestro de capilla en la catedral de As\u00eds. Por \u00faltimo, desde 1630 hasta su muerte, llev\u00f3 a cabo las funciones de maestro de capilla de la iglesia de San Apolinar en Roma. De Carissimi se conocen, en total, 207 entre oratorios y motetes sagrados en lat\u00edn de una-doce voces, 8 misas, 227 cantatas profanas en italiano, 4 cantatas burlescas, 42 versos para \u00f3rgano en los ocho modos eclesi\u00e1sticos y el breve tratado pr\u00e1ctico de teor\u00eda y composici\u00f3n <em>Ars cantandi<\/em>.<\/p>\n<\/p><\/div>\n<p><\/p>\n","protected":false},"excerpt":{"rendered":"<p>Giacomo Carissimi Giacomo Carissimi (1605-1674) fue uno de los compositores italianos m\u00e1s importantes de la \u00e9poca barroca, representante destacado de la escuela romana. Naci\u00f3 en Marino, cerca de Roma, pero de \u00e9l s\u00f3lo tenemos escasas noticias biogr\u00e1ficas. \u00c9l fue muy activo como cantor y organista&hellip;<\/p>\n","protected":false},"author":1,"featured_media":0,"parent":6733,"menu_order":0,"comment_status":"closed","ping_status":"closed","template":"","meta":{"footnotes":""},"class_list":["post-7601","page","type-page","status-publish","hentry"],"_links":{"self":[{"href":"https:\/\/digitalhistory.unite.it\/es\/wp-json\/wp\/v2\/pages\/7601","targetHints":{"allow":["GET"]}}],"collection":[{"href":"https:\/\/digitalhistory.unite.it\/es\/wp-json\/wp\/v2\/pages"}],"about":[{"href":"https:\/\/digitalhistory.unite.it\/es\/wp-json\/wp\/v2\/types\/page"}],"author":[{"embeddable":true,"href":"https:\/\/digitalhistory.unite.it\/es\/wp-json\/wp\/v2\/users\/1"}],"replies":[{"embeddable":true,"href":"https:\/\/digitalhistory.unite.it\/es\/wp-json\/wp\/v2\/comments?post=7601"}],"version-history":[{"count":2,"href":"https:\/\/digitalhistory.unite.it\/es\/wp-json\/wp\/v2\/pages\/7601\/revisions"}],"predecessor-version":[{"id":11864,"href":"https:\/\/digitalhistory.unite.it\/es\/wp-json\/wp\/v2\/pages\/7601\/revisions\/11864"}],"up":[{"embeddable":true,"href":"https:\/\/digitalhistory.unite.it\/es\/wp-json\/wp\/v2\/pages\/6733"}],"wp:attachment":[{"href":"https:\/\/digitalhistory.unite.it\/es\/wp-json\/wp\/v2\/media?parent=7601"}],"curies":[{"name":"wp","href":"https:\/\/api.w.org\/{rel}","templated":true}]}}

<h1>Giacomo Carissimi </h1>
<div class="testo">
<p style="text-align: justify"><img loading="lazy" decoding="async" src="https://digitalhistory.unite.it/wp-content/uploads/2021/08/giacomo_carissimi_226x271.jpg" width="226" height="271" alt="Giacomo Carissimi" align="left">Giacomo Carissimi (1605-1674) fue uno de los compositores italianos más importantes de la época barroca, representante destacado de la escuela romana. Nació en Marino, cerca de Roma, pero de él sólo tenemos escasas noticias biográficas. Él fue muy activo como cantor y organista en la catedral de Tívoli entre 1623 y 1627, mientras que en los dos siguientes años fue maestro de capilla en la catedral de Asís. Por último, desde 1630 hasta su muerte, llevó a cabo las funciones de maestro de capilla de la iglesia de San Apolinar en Roma. De Carissimi se conocen, en total, 207 entre oratorios y motetes sagrados en latín de una-doce voces, 8 misas, 227 cantatas profanas en italiano, 4 cantatas burlescas, 42 versos para órgano en los ocho modos eclesiásticos y el breve tratado práctico de teoría y composición <em>Ars cantandi</em>.</p>
</p></div>
<p></p>

<p>Giacomo Carissimi Giacomo Carissimi (1605-1674) fue uno de los compositores italianos más importantes de la época barroca, representante destacado de la escuela romana. Nació en Marino, cerca de Roma, pero de él sólo tenemos escasas noticias biográficas. Él fue muy activo como cantor y organista&hellip;</p>
